{"id":960,"date":"2019-11-24T19:41:32","date_gmt":"2019-11-24T18:41:32","guid":{"rendered":"http:\/\/paroisses-vic-bigorre.com\/?page_id=960"},"modified":"2026-01-13T11:52:36","modified_gmt":"2026-01-13T10:52:36","slug":"seron-eglise-st-michel","status":"publish","type":"page","link":"https:\/\/paroisses-vic-bigorre.fr\/?page_id=960","title":{"rendered":"S\u00e9ron : \u00e9glise St-Michel"},"content":{"rendered":"<h4 style=\"text-align: center;\"><a href=\"https:\/\/paroisses-vic-bigorre.fr\/wp-content\/uploads\/2024\/06\/Seron.jpg\"><img loading=\"lazy\" decoding=\"async\" class=\"aligncenter\" title=\"Par Travail personnel, CC BY-SA 4.0, https:\/\/commons.wikimedia.org\/w\/index.php?curid=17930910\" src=\"https:\/\/upload.wikimedia.org\/wikipedia\/commons\/thumb\/0\/0d\/Blason_ville_fr_S%C3%A9ron_%2865%29.svg\/langfr-960px-Blason_ville_fr_S%C3%A9ron_%2865%29.svg.png\" alt=\"Blason de S\u00e9ron\" width=\"131\" height=\"144\" \/><br \/>\n<\/a><strong><span style=\"color: #ff6600;\">La commune<\/span><\/strong><\/h4>\n<p style=\"text-align: right;\">328 habitants (2023)<\/p>\n<p style=\"text-align: justify;\">A quelques kilom\u00e8tres de la nationale 117 reliant Tarbes \u00e0 Pau, un \u00eelot de cinq villages s\u00e9par\u00e9 par un passage c\u00e9d\u00e9 au B\u00e9arn pour faciliter les communications\u2026<br \/>\nCe chemin est appel\u00e9 : \u00ab Cami dela Reyne Jane \u00bb en souvenir de Jeanne d\u2019Albret m\u00e8re du roi Henri IV qui l\u2019emprunta pour se rendre dans son fief de Montaner et aussi en Bigorre.<br \/>\nL\u2019enclave fut quelques temps reli\u00e9e au B\u00e9arn par le mariage en 1077 de Centulle V Vicomte de B\u00e9arn avec B\u00e9atrice h\u00e9riti\u00e8re du Comt\u00e9 de Bigorre.<br \/>\nEn 1085, Tal\u00e8se d\u2019Aragon, Vicomtesse de Montaner \u00e9pousa un Vicomte de B\u00e9arn Gaston IV et la r\u00e9gion de Montaner jusque l\u00e0, vassale de la Bigorre fut r\u00e9unie au B\u00e9arn. Les cinq villages de l\u2019enclave rest\u00e8rent en dehors de ce projet peut-\u00eatre pour une raison \u00e9conomique. Poss\u00e9dant de vastes \u00e9tendues de landes comme pacage pour des bergers de Lourdes, la Bigorre aurait voulu conserver ce territoire. C\u2019est une hypoth\u00e8se\u2026<br \/>\nLa suite historiquement est connue\u2026 A la R\u00e9volution, en 1790, lors de la cr\u00e9ation des d\u00e9partements, Bertrand Bar\u00e8re D\u00e9put\u00e9 \u00e0 la Constituante, manoeuvra pour rattacher l\u2019enclave au d\u00e9partement des Hautes-Pyr\u00e9n\u00e9es.<br \/>\nAu si\u00e8cle dernier en 1834, un autre projet de rattachement au B\u00e9arn finit par \u00e9chouer.<br \/>\nL\u2019enclave restera donc en Bigorre. Pourtant depuis des g\u00e9n\u00e9rations, les mariages se r\u00e9alisent avec les b\u00e9arnais. Qui sommes-nous ? Bigourdans ? mais le sang b\u00e9arnais coule dans nos veines \u2026 \u00ab Oun soun mas amous ! qu\u2019auque cop en Bigorre, soubent en Bearn tout aco qu\u00e9 h\u00e8 la bouno mesclagna ! \u00bb<br \/>\nPays et s\u00e9n\u00e9chauss\u00e9e de Bigorre. Quarteron de Vic. Baronnie de Gard\u00e8res. Canton de Tarbes, puis d\u2019Ibos (1790), d\u2019Ossun \u00e0 partir de 1801<\/p>\n<p style=\"text-align: right;\"><em>Source : http:\/\/www.commune-seron.fr\/<\/em><\/p>\n<h5 style=\"text-align: center;\"><span style=\"color: #ff6600;\"><a style=\"color: #ff6600;\" href=\"https:\/\/paroisses-vic-bigorre.fr\/?page_id=655\" target=\"_blank\" rel=\"noopener\"><strong><span style=\"text-decoration: underline;\">En savoir plus sur les Enclaves<\/span><\/strong><\/a><\/span><\/h5>\n<h5><\/h5>\n<h4 style=\"text-align: center;\"><strong><span style=\"color: #ff6600;\">L&rsquo;\u00e9glise Saint Michel<\/span><\/strong><\/h4>\n<p><a href=\"https:\/\/paroisses-vic-bigorre.fr\/wp-content\/uploads\/2026\/01\/Eglise_Saint-Michel_de_Seron_Hautes-Pyrenees_2-scaled.jpg\"><img loading=\"lazy\" decoding=\"async\" class=\"aligncenter wp-image-16256 size-medium\" title=\"https:\/\/upload.wikimedia.org\/wikipedia\/commons\/8\/88\/%C3%89glise_Saint-Michel_de_S%C3%A9ron_%28Hautes-Pyr%C3%A9n%C3%A9es%29_2.jpg\" src=\"https:\/\/paroisses-vic-bigorre.fr\/wp-content\/uploads\/2026\/01\/Eglise_Saint-Michel_de_Seron_Hautes-Pyrenees_2-255x300.jpg\" alt=\"\" width=\"255\" height=\"300\" srcset=\"https:\/\/paroisses-vic-bigorre.fr\/wp-content\/uploads\/2026\/01\/Eglise_Saint-Michel_de_Seron_Hautes-Pyrenees_2-255x300.jpg 255w, https:\/\/paroisses-vic-bigorre.fr\/wp-content\/uploads\/2026\/01\/Eglise_Saint-Michel_de_Seron_Hautes-Pyrenees_2-870x1024.jpg 870w, https:\/\/paroisses-vic-bigorre.fr\/wp-content\/uploads\/2026\/01\/Eglise_Saint-Michel_de_Seron_Hautes-Pyrenees_2-768x904.jpg 768w, https:\/\/paroisses-vic-bigorre.fr\/wp-content\/uploads\/2026\/01\/Eglise_Saint-Michel_de_Seron_Hautes-Pyrenees_2-1305x1536.jpg 1305w, https:\/\/paroisses-vic-bigorre.fr\/wp-content\/uploads\/2026\/01\/Eglise_Saint-Michel_de_Seron_Hautes-Pyrenees_2-1739x2048.jpg 1739w, https:\/\/paroisses-vic-bigorre.fr\/wp-content\/uploads\/2026\/01\/Eglise_Saint-Michel_de_Seron_Hautes-Pyrenees_2-127x150.jpg 127w\" sizes=\"auto, (max-width: 255px) 100vw, 255px\" \/><\/a><\/p>\n<p class=\"\" style=\"text-align: justify;\" data-start=\"133\" data-end=\"461\">Dans l\u2019\u00e9glise de S\u00e9ron, le regard est imm\u00e9diatement capt\u00e9 par le spectaculaire retable repr\u00e9sentant\u00a0Saint Michel archange terrassant les anges d\u00e9chus, d\u00e9sormais transform\u00e9s en d\u00e9mons. Cette sc\u00e8ne, d\u2019une intensit\u00e9 dramatique rare, illustre le combat c\u00e9leste entre le Bien et le Mal, th\u00e8me majeur de l\u2019iconographie chr\u00e9tienne.<\/p>\n<p class=\"\" style=\"text-align: justify;\" data-start=\"463\" data-end=\"773\">R\u00e9alis\u00e9 au XVIII\u1d49 si\u00e8cle, ce retable s\u2019inscrit dans la tradition baroque, m\u00ealant mouvement, expressivit\u00e9 et th\u00e9\u00e2tralit\u00e9. Saint Michel, arm\u00e9 de son glaive et rev\u00eatu de son armure, domine la composition. Sous ses pieds, les anges d\u00e9chus, aux visages tourment\u00e9s et aux corps tourbillonnants, chutent dans l\u2019ab\u00eeme.<\/p>\n<p class=\"\" style=\"text-align: justify;\" data-start=\"775\" data-end=\"1063\">L\u2019ensemble se distingue par la richesse des dorures, la finesse des sculptures et l\u2019\u00e9nergie qui se d\u00e9gage de la sc\u00e8ne. V\u00e9ritable cat\u00e9ch\u00e8se visuelle, ce retable rappelle la victoire divine sur les forces du chaos, et invite les fid\u00e8les \u00e0 m\u00e9diter sur la force de la foi face \u00e0 la tentation.<\/p>\n<p style=\"text-align: right;\" data-start=\"775\" data-end=\"1063\"><span style=\"color: #808080;\"><em>Source : https:\/\/catholique65.fr\/art-sacre\/<\/em><\/span><\/p>\n<h4 style=\"text-align: center;\"><strong><span style=\"color: #ff6600;\">Saint-Michel Archange<\/span><\/strong><\/h4>\n<p style=\"text-align: justify;\">Saint Michel, Saint Gabriel et saint Rapha\u00ebl. Les anges, serviteurs et envoy\u00e9s de Dieu, sont tr\u00e8s pr\u00e9sents dans la Bible, depuis celui qui r\u00e9conforte Agar au d\u00e9sert (livre de la Gen\u00e8se 16. 7) jusqu&rsquo;\u00e0 celui qui mesure la J\u00e9rusalem c\u00e9leste (Apocalypse 21. 17). Parmi eux, trois sont particuli\u00e8rement personnifi\u00e9s. Ce sont des archanges, comme des chefs des anges, selon les termes de saint Paul (1\u00e8re Thessaloniciens 4. 16) et de Jude (Jude ch. 9). Michel, (\u00ab\u00a0qui est comme Dieu?\u00a0\u00bb) est le prince des anges. Il joue un r\u00f4le d\u00e9cisif (Apocalypse 12. 7 \u00e0 9). Gabriel (\u00ab\u00a0Force de Dieu\u00a0\u00bb) est le messager par excellence (Luc 1. 19 et suivants). Rapha\u00ebl (\u00ab\u00a0Dieu a gu\u00e9ri\u00a0\u00bb) accompagne le jeune Tobie et est la figure bienveillante de la Providence de Dieu. La litt\u00e9rature apocryphe a abondamment brod\u00e9 sur ces trois personnages.<br \/>\n\u00ab\u00a0La tradition catholique ne conna\u00eet que trois archanges par leur nom. La Bible en \u00e9voque sept. Au livre de Tobie, Rapha\u00ebl dit de lui-m\u00eame: \u00ab\u00a0Je suis l&rsquo;un des sept anges qui se tiennent toujours pr\u00eats \u00e0 p\u00e9n\u00e9trer aupr\u00e8s de la Gloire du Seigneur\u00a0\u00bb. La vision de Zacharie compl\u00e8te le livre de Tobie en parlant de \u00ab\u00a0sept-l\u00e0 qui sont les yeux de Yahv\u00e9 et qui vont par toute la terre\u00a0\u00bb. ( Les yeux sont alors symboles de l&rsquo;omniscience et de la vigilance divines.)<br \/>\nSi les livres de la Bible ne parlent pas des quatre compagnons anonymes de Michel, Gabriel et Rapha\u00ebl, les \u00e9crits apocryphes n&rsquo;\u00e9pousent pas leur silence. Avec fantaisie, ils nomment ceux qui \u00e9taient appel\u00e9s \u00e0 rester dans l&rsquo;ombre de leur Cr\u00e9ateur, si on peut parler d&rsquo;ombre dans le monde de la Gloire c\u00e9leste.<br \/>\nPar sa discr\u00e9tion \u00e0 la suite des livres bibliques, l&rsquo;\u00c9glise a pr\u00e9f\u00e9r\u00e9 sugg\u00e9rer que le myst\u00e8re de l&rsquo;Invisible n&rsquo;est pas \u00e9puis\u00e9 et que le Paradis nous r\u00e9serve de nouvelles connaissances.\u00a0\u00bb<br \/>\n&#8230;combattant c\u00e9leste descendant sur la terre des hommes, il \u00e9tait l\u00e9gitime de le choisir comme protecteur du pays et de ses arm\u00e9es; d\u00e9j\u00e0 en 709, l&rsquo;\u00e9v\u00eaque d&rsquo;Avranches, saint Aubert, fonda une chapelle qui deviendra l&rsquo;abbaye du Mont Saint-Michel, o\u00f9 viendront en p\u00e8lerinage, entre autres, Charlemagne, saint Louis, Louis IX, pour demander la protection pour la France. Dans la m\u00eame ligne, apr\u00e8s la deuxi\u00e8me guerre mondiale, les troupes a\u00e9roport\u00e9es le choisirent comme saint patron, voyant dans l&rsquo;ange \u00ab\u00a0ail\u00e9\u00a0\u00bb qui descend du ciel comme un anc\u00eatre, certes plus agile encore, du parachutiste contemporain&#8230; (dioc\u00e8se aux arm\u00e9es fran\u00e7aises)<br \/>\nF\u00eate des saints Michel, Gabriel et Rapha\u00ebl, archanges. Au jour de la d\u00e9dicace d&rsquo;une basilique \u00e9difi\u00e9e tr\u00e8s anciennement sous le titre de saint Michel sur la voie Salarienne, \u00e0 six milles* de Rome, l&rsquo;\u00c9glise c\u00e9l\u00e8bre les trois archanges dont la sainte \u00c9criture r\u00e9v\u00e8le les missions et qui , jour et nuit au service de Dieu, contemplent sa face et ne cessent de le glorifier.<\/p>\n<p style=\"text-align: center;\"><span style=\"color: #0000ff;\">F\u00eate : 29 septembre<\/span><\/p>\n<p style=\"text-align: right;\"><em>Source : Martyrologe romain &#8211; Nominis<\/em><\/p>\n<p style=\"text-align: center;\"><a href=\"https:\/\/fr.wikipedia.org\/wiki\/Michel_(archange)\" target=\"_blank\" rel=\"noopener noreferrer\"><span style=\"text-decoration: underline;\">En savoir plus sur St-Michel<\/span><\/a><\/p>\n<p><img loading=\"lazy\" decoding=\"async\" class=\"aligncenter\" src=\"https:\/\/upload.wikimedia.org\/wikipedia\/commons\/e\/eb\/Michael4.jpg\" alt=\"Image illustrative de l\u2019article Michel (archange)\" width=\"315\" height=\"526\" \/><\/p>\n","protected":false},"excerpt":{"rendered":"<p>La commune 328 habitants (2023) A quelques kilom\u00e8tres de la nationale 117 reliant Tarbes \u00e0 Pau, un \u00eelot de cinq villages s\u00e9par\u00e9 par un passage c\u00e9d\u00e9 au B\u00e9arn pour faciliter&#8230;<\/p>\n<p> <a class=\"continue-reading-link\" href=\"https:\/\/paroisses-vic-bigorre.fr\/?page_id=960\"><span>LIRE LA SUITE<\/span><i class=\"crycon-right-dir\"><\/i><\/a> <\/p>\n","protected":false},"author":2,"featured_media":0,"parent":0,"menu_order":0,"comment_status":"closed","ping_status":"closed","template":"","meta":{"footnotes":""},"class_list":["post-960","page","type-page","status-publish","hentry"],"jetpack_sharing_enabled":true,"_links":{"self":[{"href":"https:\/\/paroisses-vic-bigorre.fr\/index.php?rest_route=\/wp\/v2\/pages\/960","targetHints":{"allow":["GET"]}}],"collection":[{"href":"https:\/\/paroisses-vic-bigorre.fr\/index.php?rest_route=\/wp\/v2\/pages"}],"about":[{"href":"https:\/\/paroisses-vic-bigorre.fr\/index.php?rest_route=\/wp\/v2\/types\/page"}],"author":[{"embeddable":true,"href":"https:\/\/paroisses-vic-bigorre.fr\/index.php?rest_route=\/wp\/v2\/users\/2"}],"replies":[{"embeddable":true,"href":"https:\/\/paroisses-vic-bigorre.fr\/index.php?rest_route=%2Fwp%2Fv2%2Fcomments&post=960"}],"version-history":[{"count":6,"href":"https:\/\/paroisses-vic-bigorre.fr\/index.php?rest_route=\/wp\/v2\/pages\/960\/revisions"}],"predecessor-version":[{"id":16259,"href":"https:\/\/paroisses-vic-bigorre.fr\/index.php?rest_route=\/wp\/v2\/pages\/960\/revisions\/16259"}],"wp:attachment":[{"href":"https:\/\/paroisses-vic-bigorre.fr\/index.php?rest_route=%2Fwp%2Fv2%2Fmedia&parent=960"}],"curies":[{"name":"wp","href":"https:\/\/api.w.org\/{rel}","templated":true}]}}