{"id":808,"date":"2019-11-23T14:03:39","date_gmt":"2019-11-23T13:03:39","guid":{"rendered":"http:\/\/paroisses-vic-bigorre.com\/?page_id=808"},"modified":"2026-01-12T18:22:56","modified_gmt":"2026-01-12T17:22:56","slug":"oroix-eglise-st-jean-baptiste","status":"publish","type":"page","link":"https:\/\/paroisses-vic-bigorre.fr\/?page_id=808","title":{"rendered":"Oroix : \u00e9glise St-Jean-Baptiste"},"content":{"rendered":"<p><img loading=\"lazy\" decoding=\"async\" class=\"aligncenter\" src=\"https:\/\/upload.wikimedia.org\/wikipedia\/commons\/thumb\/c\/c0\/Blason_ville_fr_Oroix_%2865%29.svg\/545px-Blason_ville_fr_Oroix_%2865%29.svg.png\" alt=\"Fichier:Blason ville fr Oroix (65).svg\" width=\"130\" height=\"143\" \/><\/p>\n<h4 style=\"text-align: center;\"><strong><span style=\"color: #ff6600;\">La commune<\/span><\/strong><\/h4>\n<p style=\"text-align: right;\"><span style=\"color: #ff0000;\"><em>104\u00a0 h<\/em><\/span><span style=\"color: #ff0000;\"><em>abitants (2021)<\/em><\/span><\/p>\n<p>Oroix est une commune des Hautes-Pyr\u00e9n\u00e9es limitrophe des Pyr\u00e9n\u00e9es-Atlantiques. Son rattachement administratif a souvent chang\u00e9 : Pays et s\u00e9n\u00e9chauss\u00e9e de Bigorre, quarteron de Vic, canton de Tarbes puis d&rsquo;Ibos (1790), canton de Bord\u00e8res sur Echez et enfin depuis la derni\u00e8re modification : canton de Vic-Bigorre. Elle appartient \u00e0 la Communaut\u00e9 de communes Adour-Madiran. Mgr S\u00e8v\u00e8re LAURENCE, l&rsquo;\u00e9v\u00eaque qui a reconnu la v\u00e9racit\u00e9 des apparitions de Lourdes est n\u00e9 dans ce village.<\/p>\n<h4 style=\"text-align: center;\"><strong><span style=\"color: #ff6600;\">L&rsquo;\u00e9glise Saint-Jean Baptiste.<\/span><\/strong><\/h4>\n<p><span style=\"color: #ff0000;\"><em><a href=\"https:\/\/paroisses-vic-bigorre.fr\/wp-content\/uploads\/2024\/06\/Eglise-Oroix-scaled.jpg\"><br \/>\n<img loading=\"lazy\" decoding=\"async\" class=\"aligncenter wp-image-13943 \" src=\"https:\/\/paroisses-vic-bigorre.fr\/wp-content\/uploads\/2024\/06\/Eglise-Oroix-300x249.jpg\" alt=\"\" width=\"247\" height=\"205\" srcset=\"https:\/\/paroisses-vic-bigorre.fr\/wp-content\/uploads\/2024\/06\/Eglise-Oroix-300x249.jpg 300w, https:\/\/paroisses-vic-bigorre.fr\/wp-content\/uploads\/2024\/06\/Eglise-Oroix-1024x851.jpg 1024w, https:\/\/paroisses-vic-bigorre.fr\/wp-content\/uploads\/2024\/06\/Eglise-Oroix-768x638.jpg 768w, https:\/\/paroisses-vic-bigorre.fr\/wp-content\/uploads\/2024\/06\/Eglise-Oroix-1536x1277.jpg 1536w, https:\/\/paroisses-vic-bigorre.fr\/wp-content\/uploads\/2024\/06\/Eglise-Oroix-2048x1702.jpg 2048w, https:\/\/paroisses-vic-bigorre.fr\/wp-content\/uploads\/2024\/06\/Eglise-Oroix-150x125.jpg 150w, https:\/\/paroisses-vic-bigorre.fr\/wp-content\/uploads\/2024\/06\/Eglise-Oroix-337x280.jpg 337w\" sizes=\"auto, (max-width: 247px) 100vw, 247px\" \/><\/a><\/em><\/span><\/p>\n<p>Cette tr\u00e8s vaste \u00e9glise a \u00e9t\u00e9 enti\u00e8rement restaur\u00e9e ces derni\u00e8res ann\u00e9es \u00e0 l&rsquo;initiative du Conseil municipal et avec l&rsquo;aide du Conseil d\u00e9partemental et de l&rsquo;Etat.<\/p>\n<h5 style=\"text-align: center;\"><strong><span style=\"color: #ff6600;\">Le Saint-Patron : Jean le Baptiste<\/span><\/strong><\/h5>\n<p style=\"text-align: justify;\">L&rsquo;ange Gabriel dit \u00e0 Marie au jour de l&rsquo;Annonciation: \u00ab\u00a0Voici qu&rsquo;\u00c9lisabeth, ta parente, en est \u00e0 son sixi\u00e8me mois. Jean dit \u00ab\u00a0le Baptiste\u00a0\u00bb, nait trois mois plus tard, l&rsquo;\u00c9glise f\u00eate donc la naissance de Jean-Baptiste, le pr\u00e9curseur du Messie. Parce qu&rsquo;un doute l&rsquo;avait saisi, lors de l&rsquo;annonce de l&rsquo;ange, sur la f\u00e9condit\u00e9 tardive de sa femme, Zacharie, l&rsquo;\u00e9poux d&rsquo;\u00c9lisabeth, avait perdu l&rsquo;usage de la parole. La naissance de Jean lui d\u00e9lie sa langue afin qu&rsquo;elle proclame \u00ab\u00a0son nom est Jean.\u00a0\u00bb Nom qui signifie, Dieu fait gr\u00e2ce. A Jean, J\u00e9sus rendra ce t\u00e9moignage: \u00ab\u00a0Parmi les enfants des femmes, il n&rsquo;en est pas un de plus grand que Jean-Baptiste.\u00a0\u00bb D\u00e8s avant sa naissance, Jean avait reconnu le Christ et tressailli d&rsquo;all\u00e9gresse en sa pr\u00e9sence. Plus tard, il le baptisera et guidera vers lui ses meilleurs disciples, s&rsquo;effa\u00e7ant pour lui laisser la place \u00ab\u00a0Voil\u00e0 ma joie, elle est maintenant parfaite. Il faut qu&rsquo;il grandisse et que je diminue.\u00a0\u00bb<br \/>\n\u00c0 part la Vierge Marie, Jean-Baptiste est le seul saint dont la liturgie c\u00e9l\u00e8bre la naissance, et elle le fait parce que celle-ci est \u00e9troitement li\u00e9e au myst\u00e8re de l&rsquo;incarnation du Fils de Dieu. D\u00e8s le sein maternel, en effet, Jean est le pr\u00e9curseur de J\u00e9sus : sa conception prodigieuse est annonc\u00e9e par l&rsquo;ange \u00e0 Marie, comme le signe que &lsquo;rien n&rsquo;est impossible \u00e0 Dieu&rsquo; (Lc 1, 37)&#8230; (Angelus &#8211; Beno\u00eet XVI &#8211; le 24 juin 2012)\u00a0\u00bb.<br \/>\nLa solennit\u00e9 de saint Jean Baptiste, pr\u00e9curseur du Seigneur. Rempli de l&rsquo;Esprit Saint d\u00e8s le sein de sa m\u00e8re, il exulta de joie \u00e0 la venue du salut des hommes, et sa propre naissance annon\u00e7a celle du Christ Seigneur. La gr\u00e2ce brilla tellement en lui que le Seigneur lui-m\u00eame d\u00e9clara que, parmi les enfants des hommes, il n&rsquo;en a pas exist\u00e9 de plus grand que Jean Baptiste.<\/p>\n<h6 style=\"text-align: center;\"><strong><span style=\"color: #0000ff;\">F\u00eate : 24 juin<\/span><\/strong><\/h6>\n<p style=\"text-align: right;\"><em>Source : Martyrologe romain &#8211; Nominis<\/em><\/p>\n<p>&nbsp;<\/p>\n<div style=\"width: 280px\" class=\"wp-caption aligncenter\"><img loading=\"lazy\" decoding=\"async\" src=\"https:\/\/upload.wikimedia.org\/wikipedia\/commons\/thumb\/e\/ec\/OROIX-Monument_aux_morts.jpg\/270px-OROIX-Monument_aux_morts.jpg\" alt=\"\" width=\"270\" height=\"180\" \/><p class=\"wp-caption-text\">Monument aux morts<\/p><\/div>\n","protected":false},"excerpt":{"rendered":"<p>La commune 104\u00a0 habitants (2021) Oroix est une commune des Hautes-Pyr\u00e9n\u00e9es limitrophe des Pyr\u00e9n\u00e9es-Atlantiques. Son rattachement administratif a souvent chang\u00e9 : Pays et s\u00e9n\u00e9chauss\u00e9e de Bigorre, quarteron de Vic, canton&#8230;<\/p>\n<p> <a class=\"continue-reading-link\" href=\"https:\/\/paroisses-vic-bigorre.fr\/?page_id=808\"><span>LIRE LA SUITE<\/span><i class=\"crycon-right-dir\"><\/i><\/a> <\/p>\n","protected":false},"author":2,"featured_media":0,"parent":0,"menu_order":0,"comment_status":"closed","ping_status":"closed","template":"","meta":{"footnotes":""},"class_list":["post-808","page","type-page","status-publish","hentry"],"jetpack_sharing_enabled":true,"_links":{"self":[{"href":"https:\/\/paroisses-vic-bigorre.fr\/index.php?rest_route=\/wp\/v2\/pages\/808","targetHints":{"allow":["GET"]}}],"collection":[{"href":"https:\/\/paroisses-vic-bigorre.fr\/index.php?rest_route=\/wp\/v2\/pages"}],"about":[{"href":"https:\/\/paroisses-vic-bigorre.fr\/index.php?rest_route=\/wp\/v2\/types\/page"}],"author":[{"embeddable":true,"href":"https:\/\/paroisses-vic-bigorre.fr\/index.php?rest_route=\/wp\/v2\/users\/2"}],"replies":[{"embeddable":true,"href":"https:\/\/paroisses-vic-bigorre.fr\/index.php?rest_route=%2Fwp%2Fv2%2Fcomments&post=808"}],"version-history":[{"count":3,"href":"https:\/\/paroisses-vic-bigorre.fr\/index.php?rest_route=\/wp\/v2\/pages\/808\/revisions"}],"predecessor-version":[{"id":16229,"href":"https:\/\/paroisses-vic-bigorre.fr\/index.php?rest_route=\/wp\/v2\/pages\/808\/revisions\/16229"}],"wp:attachment":[{"href":"https:\/\/paroisses-vic-bigorre.fr\/index.php?rest_route=%2Fwp%2Fv2%2Fmedia&parent=808"}],"curies":[{"name":"wp","href":"https:\/\/api.w.org\/{rel}","templated":true}]}}