{"id":797,"date":"2019-11-23T13:39:50","date_gmt":"2019-11-23T12:39:50","guid":{"rendered":"http:\/\/paroisses-vic-bigorre.com\/?page_id=797"},"modified":"2026-01-12T18:12:29","modified_gmt":"2026-01-12T17:12:29","slug":"nouilhan-eglise-st-lezer","status":"publish","type":"page","link":"https:\/\/paroisses-vic-bigorre.fr\/?page_id=797","title":{"rendered":"Nouilhan : \u00e9glise St-L\u00e9zer"},"content":{"rendered":"<h4><img loading=\"lazy\" decoding=\"async\" class=\"aligncenter\" src=\"https:\/\/upload.wikimedia.org\/wikipedia\/commons\/thumb\/0\/0e\/Blason_ville_fr_Nouilhan_%2865%29.svg\/545px-Blason_ville_fr_Nouilhan_%2865%29.svg.png\" alt=\"Fichier:Blason ville fr Nouilhan (65).svg\" width=\"154\" height=\"170\" \/><\/h4>\n<h4 style=\"text-align: center;\"><\/h4>\n<h4 style=\"text-align: center;\"><span style=\"text-decoration: underline; color: #ff6600;\">La\u00a0 commune<\/span><\/h4>\n<p style=\"text-align: right;\"><span style=\"color: #ff0000;\"><em>216 habitants (2023)<\/em><\/span><\/p>\n<p style=\"text-align: justify;\">Nouilhan est des plus anciens villages du Val d&rsquo;Adour comme en atteste un tr\u00e8s ancien texte de l&rsquo;Abbaye voisine de Larreule datant de 1015. Des fouilles arch\u00e9ologiques ont montr\u00e9 au nord du village, pr\u00e8s du canal du moulin, des traces d&rsquo;une villa antique du IIe ou IIIe si\u00e8cle dont le nom \u00ab\u00a0Nobilis\u00a0\u00bb ou \u00ab\u00a0Novellius\u00a0\u00bb aurait laiss\u00e9 le nom \u00e0 la commune. Celle-ci a \u00e9t\u00e9 longtemps contr\u00f4l\u00e9e par l&rsquo;abbaye de Larreule avant d&rsquo;\u00eatre, en 1256, int\u00e9gr\u00e9e au comt\u00e9 de Bigorre (Rivi\u00e8re Basse). La for\u00eat du Marmajou s&rsquo;\u00e9tend sur Nouilhan (ouest). Cette for\u00eat de ch\u00eanes s&rsquo;est d\u00e9velopp\u00e9e dans une zone de marais (Marmajou vient de \u00ab\u00a0marais majeurs\u00a0\u00bb en gascon). Cette for\u00eat a \u00e9t\u00e9 exploit\u00e9e par Colbert pour la construction de gal\u00e8res royales. Elle a \u00e9t\u00e9 r\u00e9duite c\u00f4t\u00e9 ouest lors de la construction par l&rsquo;intendant d\u00a0\u00bbEtigny de la route royale (actuelle RD 935) puis par l&rsquo;ouverture par Napol\u00e9on III en 1859, de la voie de chemin de fer Tarbes-Morcenx.<\/p>\n<h4 style=\"text-align: center;\"><span style=\"text-decoration: underline; color: #ff6600;\">L&rsquo;\u00e9glise St-L\u00e9zer<\/span><\/h4>\n<h4 style=\"text-align: center;\"><a href=\"https:\/\/paroisses-vic-bigorre.fr\/wp-content\/uploads\/2024\/06\/Nouilhan.jpg\"><img loading=\"lazy\" decoding=\"async\" class=\"alignnone wp-image-13953 size-full\" src=\"https:\/\/paroisses-vic-bigorre.fr\/wp-content\/uploads\/2024\/06\/Nouilhan.jpg\" alt=\"\" width=\"262\" height=\"192\" srcset=\"https:\/\/paroisses-vic-bigorre.fr\/wp-content\/uploads\/2024\/06\/Nouilhan.jpg 262w, https:\/\/paroisses-vic-bigorre.fr\/wp-content\/uploads\/2024\/06\/Nouilhan-150x110.jpg 150w\" sizes=\"auto, (max-width: 262px) 100vw, 262px\" \/><\/a><\/h4>\n<p style=\"text-align: justify;\">L&rsquo;\u00e9glise de Nouilhan est vou\u00e9e \u00e0 Saint-L\u00e9zer (ou St-Lizier) \u00e9v\u00eaque de Tarbes<\/p>\n<h4 style=\"text-align: center;\"><span style=\"text-decoration: underline; color: #ff6600;\">Saint-L\u00e9zer (ou Saint-Lizier)<\/span><\/h4>\n<p style=\"text-align: justify;\">N\u00e9 en Espagne \u00e0 Lerida et disciple de saint Fauste de Riez, \u00e9v\u00eaque dans le dioc\u00e8se de Pamiers dans le sud de la France, il nous est connu par sa pr\u00e9sence au concile d&rsquo;Agde en 506 que pr\u00e9sidait saint C\u00e9saire d&rsquo;Arles. Plusieurs localit\u00e9s se sont plac\u00e9es sous son patronage: Saint Lizier (09) et Saint Lizier du Plante (32)<br \/>\nDurant toute la premi\u00e8re moiti\u00e9 du VIe si\u00e8cle, Saint Lizer fut \u00e9v\u00eaque de Tarbes. Originaire du nord de l&rsquo;Espagne (sans doute de L\u00e9rida), il a \u00e9t\u00e9 brillamment instruit par son p\u00e8re, tant humainement que chr\u00e9tiennement. Dans la fleur de l&rsquo;\u00e2ge, il quitta sa famille et son pays. Apr\u00e8s avoir pass\u00e9 quelques ann\u00e9es sous la direction de l&rsquo;\u00e9v\u00eaque de Tarbes, il vint se pr\u00e9senter \u00e0 l&rsquo;\u00e9cole si renomm\u00e9e de saint Quintien, \u00e9v\u00eaque de Rodez qui l&rsquo;\u00e9leva au sacerdoce.<br \/>\nLa saintet\u00e9 de sa vie lui permit d&rsquo;\u00eatre d\u00e9sign\u00e9 par les fid\u00e8les et le clerg\u00e9 de Couserans pour devenir leur \u00e9v\u00eaque. Or, le si\u00e8ge de Tarbes, devenu vacant peu apr\u00e8s l&rsquo;an 506, resta sans titulaire jusqu&rsquo;\u00e0 l&rsquo;av\u00e8nement de Julien, en 541. Il y eut donc une vacance tr\u00e8s prolong\u00e9e; la g\u00e9rance en fut confi\u00e9e \u00e0 l&rsquo;\u00e9v\u00eaque du petit dioc\u00e8se voisin de Couserans, si bien que saint Lizier est appel\u00e9 dans les plus anciens br\u00e9viaires, tant\u00f4t \u00e9v\u00eaque de Tarbes &#8211; et il y est honor\u00e9 \u00e0 ce titre -, tant\u00f4t \u00e9v\u00eaque de Couserans, o\u00f9 il mourut apr\u00e8s un \u00e9piscopat de quarante ans.<br \/>\nOn lui attribue la fondation d&rsquo;un monast\u00e8re pr\u00e8s de Vic qui prit par la suite son nom, \u00e9galement donn\u00e9 \u00e0 la ville de Couserans. L&rsquo;invocation de saint Lizier, avec celle de saint Misselin, aurait permis de repousser, en 844, une invasion de Vikings qui venaient piller la contr\u00e9e. Il est le Saint patron de Izaux, Nouilhan et Saint-L\u00e9zer.\u00a0\u00bb (dioc\u00e8se de Tarbes et Lourdes)<\/p>\n<p>\u00ab\u00a0De nationalit\u00e9 Lusitanienne, issu d&rsquo;une famille noble, Lizier fit ses \u00e9tudes sous la f\u00e9rule de son p\u00e8re, professeur de rh\u00e9torique. M\u00e9prisant les s\u00e9ductions du monde, s&rsquo;attachant au Christ seul, il quitte sa patrie, vint \u00e0 Tarbes et confia au c\u00e9l\u00e8bre \u00e9v\u00eaque Fauste sa propre \u00e9ducation. Il partit ensuite chez Quitien, \u00e9v\u00eaque de Rodez. Il est ordonn\u00e9 sous diacre, diacre et pr\u00eatre. L&rsquo;enthousiasme des habitants est grand quand il fut nomm\u00e9 \u00e9v\u00eaque de l&rsquo;\u00c9glise du Couserans. Le renom de sa saintet\u00e9 exceptionnelle alla bien au-del\u00e0 de son \u00c9glise.<br \/>\nLizier adresse ses supplications \u00e0 Dieu lors du si\u00e8ge par les Goth qui avaient \u00e0 leur t\u00eate Ricosinde. Ce dernier vit en songe l&rsquo;\u00e9v\u00eaque Lizier le mena\u00e7ant de mort et leva le camp terrifi\u00e9.<br \/>\nLizier montra une grande piti\u00e9 envers les pauvres et parfois multipliait les pains pour les nourrir. Il dirige aussi l&rsquo;\u00c9glise de Tarbes pendant l&rsquo;absence de Fauste et, dans un village, pr\u00e8s de Vic-de-Bigorre, qui porte son nom, il fonda une \u00e9glise abbatiale qui devait devenir prieur\u00e9 sous l&rsquo;ob\u00e9dience des moines de L\u00e9zat. Pendant quarante ans, il remplit \u00e0 merveille son minist\u00e8re \u00e9piscopal. Il mourut dans la cit\u00e9 du Couserans le 7\u00e8me des calendes de septembre. L&rsquo;\u00c9glise et la ville le choisirent comme saint patron, tant ses m\u00e9rites furent \u00e9clatants pendant et apr\u00e8s sa vie.\u00a0\u00bb (saints du dioc\u00e8se de Pamiers)<br \/>\n\u00c0 Couserans dans les Pyr\u00e9n\u00e9es, vers 450, saint Lizier, \u00e9v\u00eaque. N\u00e9 en Espagne et disciple de saint Fauste de Riez, il prot\u00e9gea, par ses pri\u00e8res, la cit\u00e9 de la destruction par les Visigoths.<\/p>\n<h6><strong>F\u00eate : 27\u00a0 ao\u00fbt<\/strong><\/h6>\n<p style=\"text-align: right;\"><em>Source : Martyrologe romain &#8211; Nominis<\/em><\/p>\n<p><img decoding=\"async\" class=\"aligncenter\" src=\"https:\/\/nominis.cef.fr\/images\/gallerie\/lizierdiocesetarbes.jpg\" alt=\"saint Lizier, dioc\u00e8se de Tarbes et Lourdes\" \/><\/p>\n<p>&nbsp;<\/p>\n<div style=\"width: 230px\" class=\"wp-caption alignleft\"><img loading=\"lazy\" decoding=\"async\" src=\"https:\/\/upload.wikimedia.org\/wikipedia\/commons\/thumb\/0\/04\/Lavoir_de_Nouilhan_%28Hautes-Pyr%C3%A9n%C3%A9es%29_1.jpg\/220px-Lavoir_de_Nouilhan_%28Hautes-Pyr%C3%A9n%C3%A9es%29_1.jpg\" alt=\"\" width=\"220\" height=\"131\" \/><p class=\"wp-caption-text\">Lavoir<\/p><\/div>\n<div style=\"width: 174px\" class=\"wp-caption alignright\"><img loading=\"lazy\" decoding=\"async\" src=\"https:\/\/upload.wikimedia.org\/wikipedia\/commons\/thumb\/e\/e2\/Monument_aux_morts_de_Nouilhan_%28Hautes-Pyr%C3%A9n%C3%A9es%29_1.jpg\/1024px-Monument_aux_morts_de_Nouilhan_%28Hautes-Pyr%C3%A9n%C3%A9es%29_1.jpg\" alt=\"\" width=\"164\" height=\"130\" \/><p class=\"wp-caption-text\">Ecole &amp; monument aux morts<\/p><\/div>\n","protected":false},"excerpt":{"rendered":"<p>La\u00a0 commune 216 habitants (2023) Nouilhan est des plus anciens villages du Val d&rsquo;Adour comme en atteste un tr\u00e8s ancien texte de l&rsquo;Abbaye voisine de Larreule datant de 1015. Des&#8230;<\/p>\n<p> <a class=\"continue-reading-link\" href=\"https:\/\/paroisses-vic-bigorre.fr\/?page_id=797\"><span>LIRE LA SUITE<\/span><i class=\"crycon-right-dir\"><\/i><\/a> <\/p>\n","protected":false},"author":2,"featured_media":0,"parent":0,"menu_order":0,"comment_status":"closed","ping_status":"closed","template":"","meta":{"footnotes":""},"class_list":["post-797","page","type-page","status-publish","hentry"],"jetpack_sharing_enabled":true,"_links":{"self":[{"href":"https:\/\/paroisses-vic-bigorre.fr\/index.php?rest_route=\/wp\/v2\/pages\/797","targetHints":{"allow":["GET"]}}],"collection":[{"href":"https:\/\/paroisses-vic-bigorre.fr\/index.php?rest_route=\/wp\/v2\/pages"}],"about":[{"href":"https:\/\/paroisses-vic-bigorre.fr\/index.php?rest_route=\/wp\/v2\/types\/page"}],"author":[{"embeddable":true,"href":"https:\/\/paroisses-vic-bigorre.fr\/index.php?rest_route=\/wp\/v2\/users\/2"}],"replies":[{"embeddable":true,"href":"https:\/\/paroisses-vic-bigorre.fr\/index.php?rest_route=%2Fwp%2Fv2%2Fcomments&post=797"}],"version-history":[{"count":4,"href":"https:\/\/paroisses-vic-bigorre.fr\/index.php?rest_route=\/wp\/v2\/pages\/797\/revisions"}],"predecessor-version":[{"id":16227,"href":"https:\/\/paroisses-vic-bigorre.fr\/index.php?rest_route=\/wp\/v2\/pages\/797\/revisions\/16227"}],"wp:attachment":[{"href":"https:\/\/paroisses-vic-bigorre.fr\/index.php?rest_route=%2Fwp%2Fv2%2Fmedia&parent=797"}],"curies":[{"name":"wp","href":"https:\/\/api.w.org\/{rel}","templated":true}]}}