{"id":6686,"date":"2021-09-27T12:47:54","date_gmt":"2021-09-27T10:47:54","guid":{"rendered":"http:\/\/paroisses-vic-bigorre.com\/?page_id=6686"},"modified":"2024-06-19T13:28:23","modified_gmt":"2024-06-19T11:28:23","slug":"6686-2","status":"publish","type":"page","link":"https:\/\/paroisses-vic-bigorre.fr\/?page_id=6686","title":{"rendered":"Statue de l&rsquo;Immacul\u00e9e Conception"},"content":{"rendered":"<p><a href=\"https:\/\/paroisses-vic-bigorre.fr\/wp-content\/uploads\/2024\/06\/Vic-IMAC-Gayrard-detouree.png\"><img loading=\"lazy\" decoding=\"async\" class=\"aligncenter wp-image-13952 size-medium\" src=\"https:\/\/paroisses-vic-bigorre.fr\/wp-content\/uploads\/2024\/06\/Vic-IMAC-Gayrard-detouree-212x300.png\" alt=\"\" width=\"212\" height=\"300\" srcset=\"https:\/\/paroisses-vic-bigorre.fr\/wp-content\/uploads\/2024\/06\/Vic-IMAC-Gayrard-detouree-212x300.png 212w, https:\/\/paroisses-vic-bigorre.fr\/wp-content\/uploads\/2024\/06\/Vic-IMAC-Gayrard-detouree-106x150.png 106w, https:\/\/paroisses-vic-bigorre.fr\/wp-content\/uploads\/2024\/06\/Vic-IMAC-Gayrard-detouree-198x280.png 198w, https:\/\/paroisses-vic-bigorre.fr\/wp-content\/uploads\/2024\/06\/Vic-IMAC-Gayrard-detouree.png 724w\" sizes=\"auto, (max-width: 212px) 100vw, 212px\" \/><\/a><\/p>\n<p style=\"text-align: justify;\">La plus belle statue de l\u2019\u00e9glise de Vic en Bigorre est celle de l\u2019Immacul\u00e9e Conception ou Vierge couronn\u00e9e ou ND des Gr\u00e2ces\u00a0 du sculpteur <span style=\"text-decoration: underline;\"><a href=\"https:\/\/fr.wikipedia.org\/wiki\/Paul_Gayrard\" target=\"_blank\" rel=\"noopener\">Paul Gayrard<\/a><\/span>. La Vierge est repr\u00e9sent\u00e9e sous les traits d\u2019une Immacul\u00e9e Conception (dogme proclam\u00e9 en 1854 par la bulle pontificale \u00ab Ineffabilis Deus \u00bb). Elle est contemporaine des Apparitions de Lourdes, elles m\u00eames li\u00e9es \u00e0 l&rsquo;Immacul\u00e9e Conception (\u00ab\u00a0que soy era immaculada conceptiou\u00a0\u00bb a r\u00e9pondu\u00a0 \u00ab\u00a0la dame\u00a0\u00bb \u00e0 la question de Bernadette Soubirous qui ne parlait que le gascon).<\/p>\n<p style=\"text-align: justify;\"><img loading=\"lazy\" decoding=\"async\" class=\"size-medium wp-image-14228 alignright\" src=\"https:\/\/paroisses-vic-bigorre.fr\/wp-content\/uploads\/2024\/06\/IMAC0112c-300x225.jpg\" alt=\"\" width=\"300\" height=\"225\" srcset=\"https:\/\/paroisses-vic-bigorre.fr\/wp-content\/uploads\/2024\/06\/IMAC0112c-300x225.jpg 300w, https:\/\/paroisses-vic-bigorre.fr\/wp-content\/uploads\/2024\/06\/IMAC0112c-1024x768.jpg 1024w, https:\/\/paroisses-vic-bigorre.fr\/wp-content\/uploads\/2024\/06\/IMAC0112c-768x576.jpg 768w, https:\/\/paroisses-vic-bigorre.fr\/wp-content\/uploads\/2024\/06\/IMAC0112c-1536x1152.jpg 1536w, https:\/\/paroisses-vic-bigorre.fr\/wp-content\/uploads\/2024\/06\/IMAC0112c-2048x1536.jpg 2048w, https:\/\/paroisses-vic-bigorre.fr\/wp-content\/uploads\/2024\/06\/IMAC0112c-150x113.jpg 150w, https:\/\/paroisses-vic-bigorre.fr\/wp-content\/uploads\/2024\/06\/IMAC0112c-373x280.jpg 373w\" sizes=\"auto, (max-width: 300px) 100vw, 300px\" \/>Marie foule aux pieds le serpent symbole du Malin. Les yeux du serpent sont constitu\u00e9s d\u2019\u00e9l\u00e9ments de verroterie polychrome incrust\u00e9s dans le bois. La statue grandeur nature (187 cm), est compos\u00e9e de plusieurs \u00e9l\u00e9ments de ch\u00eane : le socle de plan circulaire, la statue proprement dite, la couronne et le dais architectur\u00e9 de style gothique qui est un \u00e9l\u00e9ment rapport\u00e9. Cette sculpture est une \u0153uvre d\u2019une grande qualit\u00e9 plastique, manifeste dans le traitement accus\u00e9 des plis du v\u00eatement et des cheveux de la Vierge, tout comme le relief du corps du serpent.<\/p>\n<p style=\"text-align: justify;\">Comme pour beaucoup d&rsquo;\u0153uvres, il a \u00e9t\u00e9 fait deux statues : le mod\u00e8le original (qui se trouve l\u2019\u00e9glise Saint-Vincent de Bagn\u00e8res-de-Bigorre) et une <span style=\"text-decoration: underline;\">\u00ab\u00a0<a href=\"https:\/\/forum.wordreference.com\/threads\/copie-datelier.2372843\/\" target=\"_blank\" rel=\"noopener\">copie d&rsquo;atelie<\/a>r<\/span>\u00a0\u00bb de m\u00eame valeur. Cette derni\u00e8re a \u00e9t\u00e9 expos\u00e9e au Salon de 1857 avant d&rsquo;\u00eatre d\u00e9pos\u00e9e dans l&rsquo;\u00e9glise paroissiale de Vic-en-Bigorre, suivant la d\u00e9cision\u00a0 de l\u2019imp\u00e9ratrice Eug\u00e9nie.\u00a0 Elle a d&rsquo;abord \u00e9t\u00e9 install\u00e9e dans la chapelle de la Vierge, comme le montre cette carte postale ancienne. Peinte \u00e0 l&rsquo;origine, elle a \u00e9t\u00e9 par la suite d\u00e9cap\u00e9e et plac\u00e9e dans son emplacement actuel. Cette sculpture reste propri\u00e9t\u00e9 de l&rsquo;\u00c9tat (FNAC PFH-142). Du 7 au 21 d\u00e9cembre 1958, une \u00ab\u00a0mission mariale \u00a0\u00bb du centenaire a \u00e9t\u00e9 pr\u00each\u00e9e par les p\u00e8res b\u00e9n\u00e9dictins Charles et Henri (cf. image ci-dessous) :<\/p>\n<p><a href=\"https:\/\/paroisses-vic-bigorre.fr\/wp-content\/uploads\/2024\/06\/IMACverso.jpg\"><img loading=\"lazy\" decoding=\"async\" class=\"aligncenter wp-image-14229 size-medium\" src=\"https:\/\/paroisses-vic-bigorre.fr\/wp-content\/uploads\/2024\/06\/IMACverso-149x300.jpg\" alt=\"\" width=\"149\" height=\"300\" srcset=\"https:\/\/paroisses-vic-bigorre.fr\/wp-content\/uploads\/2024\/06\/IMACverso-149x300.jpg 149w, https:\/\/paroisses-vic-bigorre.fr\/wp-content\/uploads\/2024\/06\/IMACverso-74x150.jpg 74w, https:\/\/paroisses-vic-bigorre.fr\/wp-content\/uploads\/2024\/06\/IMACverso-139x280.jpg 139w, https:\/\/paroisses-vic-bigorre.fr\/wp-content\/uploads\/2024\/06\/IMACverso.jpg 305w\" sizes=\"auto, (max-width: 149px) 100vw, 149px\" \/><\/a><\/p>\n<p style=\"text-align: center;\"><span style=\"color: #0000ff;\"><b style=\"color: #0000ff;\">Cette <\/b><b>\u0153uvre<\/b><b style=\"color: #0000ff;\"> a \u00e9t\u00e9 class\u00e9e au titre d\u2019objet historique le 25 ao\u00fbt 1982\u00a0<\/b><\/span><\/p>\n<p style=\"text-align: center;\"><a href=\"https:\/\/www.pop.culture.gouv.fr\/notice\/palissy\/IM65001211\" target=\"_blank\" rel=\"noopener\"><span style=\"text-decoration: underline;\">Voir la fiche du Minist\u00e8re de la Culture<\/span><\/a><\/p>\n","protected":false},"excerpt":{"rendered":"<p>La plus belle statue de l\u2019\u00e9glise de Vic en Bigorre est celle de l\u2019Immacul\u00e9e Conception ou Vierge couronn\u00e9e ou ND des Gr\u00e2ces\u00a0 du sculpteur Paul Gayrard. La Vierge est repr\u00e9sent\u00e9e&#8230;<\/p>\n<p> <a class=\"continue-reading-link\" href=\"https:\/\/paroisses-vic-bigorre.fr\/?page_id=6686\"><span>LIRE LA SUITE<\/span><i class=\"crycon-right-dir\"><\/i><\/a> <\/p>\n","protected":false},"author":2,"featured_media":508,"parent":0,"menu_order":0,"comment_status":"closed","ping_status":"closed","template":"","meta":{"footnotes":""},"class_list":["post-6686","page","type-page","status-publish","has-post-thumbnail","hentry"],"jetpack_sharing_enabled":true,"_links":{"self":[{"href":"https:\/\/paroisses-vic-bigorre.fr\/index.php?rest_route=\/wp\/v2\/pages\/6686","targetHints":{"allow":["GET"]}}],"collection":[{"href":"https:\/\/paroisses-vic-bigorre.fr\/index.php?rest_route=\/wp\/v2\/pages"}],"about":[{"href":"https:\/\/paroisses-vic-bigorre.fr\/index.php?rest_route=\/wp\/v2\/types\/page"}],"author":[{"embeddable":true,"href":"https:\/\/paroisses-vic-bigorre.fr\/index.php?rest_route=\/wp\/v2\/users\/2"}],"replies":[{"embeddable":true,"href":"https:\/\/paroisses-vic-bigorre.fr\/index.php?rest_route=%2Fwp%2Fv2%2Fcomments&post=6686"}],"version-history":[{"count":2,"href":"https:\/\/paroisses-vic-bigorre.fr\/index.php?rest_route=\/wp\/v2\/pages\/6686\/revisions"}],"predecessor-version":[{"id":14227,"href":"https:\/\/paroisses-vic-bigorre.fr\/index.php?rest_route=\/wp\/v2\/pages\/6686\/revisions\/14227"}],"wp:featuredmedia":[{"embeddable":true,"href":"https:\/\/paroisses-vic-bigorre.fr\/index.php?rest_route=\/"}],"wp:attachment":[{"href":"https:\/\/paroisses-vic-bigorre.fr\/index.php?rest_route=%2Fwp%2Fv2%2Fmedia&parent=6686"}],"curies":[{"name":"wp","href":"https:\/\/api.w.org\/{rel}","templated":true}]}}