{"id":546,"date":"2019-11-20T18:22:46","date_gmt":"2019-11-20T17:22:46","guid":{"rendered":"http:\/\/paroisses-vic-bigorre.com\/?page_id=546"},"modified":"2026-01-11T18:01:21","modified_gmt":"2026-01-11T17:01:21","slug":"546-2","status":"publish","type":"page","link":"https:\/\/paroisses-vic-bigorre.fr\/?page_id=546","title":{"rendered":"B\u00e9deille : \u00e9glise St-Barth\u00e9l\u00e9my"},"content":{"rendered":"<h4 style=\"text-align: center;\"><\/h4>\n<h4><a href=\"https:\/\/paroisses-vic-bigorre.fr\/wp-content\/uploads\/2024\/06\/Bedeille.jpg\"><img loading=\"lazy\" decoding=\"async\" class=\"aligncenter wp-image-13893 size-medium\" src=\"https:\/\/paroisses-vic-bigorre.fr\/wp-content\/uploads\/2024\/06\/Bedeille-300x225.jpg\" alt=\"\" width=\"300\" height=\"225\" srcset=\"https:\/\/paroisses-vic-bigorre.fr\/wp-content\/uploads\/2024\/06\/Bedeille-300x225.jpg 300w, https:\/\/paroisses-vic-bigorre.fr\/wp-content\/uploads\/2024\/06\/Bedeille-150x112.jpg 150w, https:\/\/paroisses-vic-bigorre.fr\/wp-content\/uploads\/2024\/06\/Bedeille.jpg 459w\" sizes=\"auto, (max-width: 300px) 100vw, 300px\" \/><\/a><\/h4>\n<h4 style=\"text-align: center;\"><strong><span style=\"text-decoration: underline; color: #ff6600;\">La\u00a0 commune<\/span><\/strong><\/h4>\n<p style=\"text-align: right;\"><span style=\"color: #ff0000;\"><em>202 habitants (2023)<\/em><\/span><\/p>\n<p>Bien que situ\u00e9e dans le d\u00e9partement des Pyr\u00e9n\u00e9es-Atlantiques et donc dans le dioc\u00e8se de Bayonne Lescar Oloron, B\u00e9deille fait partie de la paroisse du Val d&rsquo;Adour, secteur Vic-Enclaves (65).<\/p>\n<p style=\"text-align: justify;\">La terre de B\u00e9deille fut une possession directe des vicomtes de B\u00e9arn pendant plusieurs si\u00e8cles, jusqu\u2019au jour o\u00f9 elle fut conc\u00e9d\u00e9e \u00e0 titre de souverainet\u00e9 \u00e0 un membre de la Maison de Foix puis au XVI\u00e8me si\u00e8cle, passa dans la Maison d&rsquo;Albret.<br \/>\nEn 1794, Bertrand Barr\u00e8re d\u00e9put\u00e9 des Hautes-Pyr\u00e9n\u00e9es qui poss\u00e9dait des biens \u00e0 B\u00e9deille du fait de sa grand-m\u00e8re Neys, demanda \u00e0 la Convention la suppression et le rattachement \u00e0 la France de plusieurs souverainet\u00e9s. B\u00e9deille fut annex\u00e9e au canton de Montaner &#8211; d\u00e9partement des Basses-Pyr\u00e9n\u00e9es<\/p>\n<p style=\"text-align: justify;\">B\u00e9deille est donc aujourd&rsquo;hui une commune du d\u00e9partement des Pyr\u00e9n\u00e9es-Atlantiques (64) donc du dioc\u00e8se de Bayonne &#8211; Lescar &#8211; Oloron. Elle est n\u00e9anmoins int\u00e9gr\u00e9e dans l&rsquo;ensemble paroissial des Enclaves\/Montaneres du dioc\u00e8se de Tarbes-Lourdes.<\/p>\n<h4 style=\"text-align: center;\"><strong><span style=\"text-decoration: underline; color: #ff6600;\">L&rsquo;\u00e9glise<\/span><\/strong><\/h4>\n<p style=\"text-align: justify;\">L&rsquo;\u00e9glise Saint-Barth\u00e9l\u00e9my\u00a0 fut d\u00e9molie en 1903 et reconstruite en 1905. Elle rec\u00e8le du mobilier, des verri\u00e8res, une statue et des objets inscrits \u00e0 l&rsquo;inventaire g\u00e9n\u00e9ral du patrimoine culturel.<\/p>\n<h4 style=\"text-align: center;\"><strong><span style=\"text-decoration: underline; color: #ff6600;\">Saint-Barth\u00e9l\u00e9my<\/span><\/strong><\/h4>\n<p style=\"text-align: center;\"><span style=\"color: #000080;\">F\u00eate le : 24 ao\u00fbt<\/span><\/p>\n<p style=\"text-align: justify;\">Saint Barth\u00e9l\u00e9my (bar-tolmay= fils du sillon en aram\u00e9en) est un des douze ap\u00f4tres de J\u00e9sus de Nazareth. Son nom figure dans les trois \u00e9vangiles synoptiques (Matthieu, Marc &amp; Luc) et probablement sous le nom de Nathana\u00ebl, dans celle de Jean.<\/p>\n<p style=\"text-align: justify;\">Il ne m\u00e9ritait pas que son nom et sa f\u00eate soient surtout attach\u00e9s dans la m\u00e9moire des fran\u00e7ais au massacre des protestants par les souverains catholiques pour des raisons plus politiques que religieuses en 1572.<br \/>\nOriginaire de Cana en Galil\u00e9e, il est aussi le\u00a0Nathana\u00ebl, ami de\u00a0saint Philippe, qui vint l&rsquo;\u00e9vang\u00e9liser. Il est, selon la parole du Seigneur: \u00ab\u00a0un vrai fils d&rsquo;Isra\u00ebl\u00a0\u00bb. Que s&rsquo;\u00e9tait-il pass\u00e9 sous le figuier? cela restera un secret entre le Christ et lui. La tradition veut qu&rsquo;il ait \u00e9vang\u00e9lis\u00e9 l&rsquo;Inde.<br \/>\nBarth\u00e9lemy, mentionn\u00e9 dans toutes les listes des douze ap\u00f4tres &#8211; parfois sous le nom de Nathana\u00ebl &#8211; ne joue aucun r\u00f4le dans les \u00c9vangiles ni dans les Actes des Ap\u00f4tres. La l\u00e9gende s&rsquo;est donc empar\u00e9e de lui. Il passe pour avoir \u00e9vang\u00e9lis\u00e9 l&rsquo;Arabie, la M\u00e9sopotamie, pour \u00eatre all\u00e9 jusqu&rsquo;aux Indes et pour avoir subi le martyre, \u00e9corch\u00e9 vif en Arm\u00e9nie. Cela lui vaut d&rsquo;\u00eatre le patron des m\u00e9tiers en rapport avec le cuir, riches corporations qui ont souvent offert des \u0153uvres le repr\u00e9sentant. Ses attributs sont le couteau et la peau de b\u00eate. (dioc\u00e8se de Poitiers &#8211; quelques saints du Poitou et d&rsquo;ailleurs)<br \/>\nIllustration: statue de Saint Barth\u00e9lemy,\u00a0\u00e9glise de Saint-Pal de Senouire, ensemble paroissial de La Chaise-Dieu.<br \/>\nF\u00eate de saint Barth\u00e9lemy, Ap\u00f4tre. Identifi\u00e9 g\u00e9n\u00e9ralement avec Nathana\u00ebl, originaire de Cana en Galil\u00e9e, il fut conduit \u00e0 J\u00e9sus par Philippe; le Seigneur l&rsquo;appela ensuite \u00e0 le suivre et le mit dans le groupe des Douze. Des traditions assurent qu&rsquo;apr\u00e8s l&rsquo;Ascension du Christ, il annon\u00e7a l&rsquo;\u00c9vangile en Inde et qu&rsquo;il y fut couronn\u00e9 du martyre.<\/p>\n<p style=\"text-align: right;\"><em>Source : Martyrologe romain &#8211; Nominis<\/em><\/p>\n<p>&nbsp;<\/p>\n<p><img decoding=\"async\" class=\"aligncenter\" src=\"https:\/\/upload.wikimedia.org\/wikipedia\/commons\/thumb\/8\/8b\/St._Barholomew_icon_in_Saint_Michael_Archangel_church_in_Baku.JPG\/220px-St._Barholomew_icon_in_Saint_Michael_Archangel_church_in_Baku.JPG\" alt=\"Image illustrative de l\u2019article Barth\u00e9lemy (ap\u00f4tre)\" \/><\/p>\n<p>&nbsp;<\/p>\n","protected":false},"excerpt":{"rendered":"<p>La\u00a0 commune 202 habitants (2023) Bien que situ\u00e9e dans le d\u00e9partement des Pyr\u00e9n\u00e9es-Atlantiques et donc dans le dioc\u00e8se de Bayonne Lescar Oloron, B\u00e9deille fait partie de la paroisse du Val&#8230;<\/p>\n<p> <a class=\"continue-reading-link\" href=\"https:\/\/paroisses-vic-bigorre.fr\/?page_id=546\"><span>LIRE LA SUITE<\/span><i class=\"crycon-right-dir\"><\/i><\/a> <\/p>\n","protected":false},"author":2,"featured_media":0,"parent":0,"menu_order":0,"comment_status":"closed","ping_status":"closed","template":"","meta":{"footnotes":""},"class_list":["post-546","page","type-page","status-publish","hentry"],"jetpack_sharing_enabled":true,"_links":{"self":[{"href":"https:\/\/paroisses-vic-bigorre.fr\/index.php?rest_route=\/wp\/v2\/pages\/546","targetHints":{"allow":["GET"]}}],"collection":[{"href":"https:\/\/paroisses-vic-bigorre.fr\/index.php?rest_route=\/wp\/v2\/pages"}],"about":[{"href":"https:\/\/paroisses-vic-bigorre.fr\/index.php?rest_route=\/wp\/v2\/types\/page"}],"author":[{"embeddable":true,"href":"https:\/\/paroisses-vic-bigorre.fr\/index.php?rest_route=\/wp\/v2\/users\/2"}],"replies":[{"embeddable":true,"href":"https:\/\/paroisses-vic-bigorre.fr\/index.php?rest_route=%2Fwp%2Fv2%2Fcomments&post=546"}],"version-history":[{"count":3,"href":"https:\/\/paroisses-vic-bigorre.fr\/index.php?rest_route=\/wp\/v2\/pages\/546\/revisions"}],"predecessor-version":[{"id":16166,"href":"https:\/\/paroisses-vic-bigorre.fr\/index.php?rest_route=\/wp\/v2\/pages\/546\/revisions\/16166"}],"wp:attachment":[{"href":"https:\/\/paroisses-vic-bigorre.fr\/index.php?rest_route=%2Fwp%2Fv2%2Fmedia&parent=546"}],"curies":[{"name":"wp","href":"https:\/\/api.w.org\/{rel}","templated":true}]}}