{"id":348,"date":"2019-11-18T13:59:54","date_gmt":"2019-11-18T12:59:54","guid":{"rendered":"http:\/\/paroisses-vic-bigorre.com\/?page_id=348"},"modified":"2024-06-17T18:02:56","modified_gmt":"2024-06-17T16:02:56","slug":"foyer-saint-martin","status":"publish","type":"page","link":"https:\/\/paroisses-vic-bigorre.fr\/?page_id=348","title":{"rendered":"Foyer Saint-Martin"},"content":{"rendered":"<p><img loading=\"lazy\" decoding=\"async\" class=\" wp-image-14095 aligncenter\" src=\"https:\/\/paroisses-vic-bigorre.fr\/wp-content\/uploads\/2024\/06\/Foyer-St-Martin-bandeau-paroisse-defitif-300x80.jpg\" alt=\"\" width=\"675\" height=\"180\" srcset=\"https:\/\/paroisses-vic-bigorre.fr\/wp-content\/uploads\/2024\/06\/Foyer-St-Martin-bandeau-paroisse-defitif-300x80.jpg 300w, https:\/\/paroisses-vic-bigorre.fr\/wp-content\/uploads\/2024\/06\/Foyer-St-Martin-bandeau-paroisse-defitif-768x204.jpg 768w, https:\/\/paroisses-vic-bigorre.fr\/wp-content\/uploads\/2024\/06\/Foyer-St-Martin-bandeau-paroisse-defitif-150x40.jpg 150w, https:\/\/paroisses-vic-bigorre.fr\/wp-content\/uploads\/2024\/06\/Foyer-St-Martin-bandeau-paroisse-defitif.jpg 958w\" sizes=\"auto, (max-width: 675px) 100vw, 675px\" \/><\/p>\n<p>Le Foyer Saint-Martin est le\u00a0 centre paroissial situ\u00e9 \u00e0 l&rsquo;angle de la Rue Lannes, de la place du Corps-franc Pommies\u00a0 et du Cheminement Robert Lestrade (<em>\u00e0 c\u00f4t\u00e9 du Centre Multim\u00e9dia et du Presbyt\u00e8re<\/em>).<\/p>\n<p><img loading=\"lazy\" decoding=\"async\" class=\"size-medium wp-image-14096 aligncenter\" src=\"https:\/\/paroisses-vic-bigorre.fr\/wp-content\/uploads\/2024\/06\/fsm-avec-nom-300x191.jpg\" alt=\"\" width=\"300\" height=\"191\" srcset=\"https:\/\/paroisses-vic-bigorre.fr\/wp-content\/uploads\/2024\/06\/fsm-avec-nom-300x191.jpg 300w, https:\/\/paroisses-vic-bigorre.fr\/wp-content\/uploads\/2024\/06\/fsm-avec-nom-1024x652.jpg 1024w, https:\/\/paroisses-vic-bigorre.fr\/wp-content\/uploads\/2024\/06\/fsm-avec-nom-768x489.jpg 768w, https:\/\/paroisses-vic-bigorre.fr\/wp-content\/uploads\/2024\/06\/fsm-avec-nom-1536x979.jpg 1536w, https:\/\/paroisses-vic-bigorre.fr\/wp-content\/uploads\/2024\/06\/fsm-avec-nom-150x96.jpg 150w, https:\/\/paroisses-vic-bigorre.fr\/wp-content\/uploads\/2024\/06\/fsm-avec-nom-439x280.jpg 439w, https:\/\/paroisses-vic-bigorre.fr\/wp-content\/uploads\/2024\/06\/fsm-avec-nom.jpg 2001w\" sizes=\"auto, (max-width: 300px) 100vw, 300px\" \/><\/p>\n<p>Il comprend plusieurs salles de r\u00e9union, un pr\u00e9au, une cour et un espace-vert.<\/p>\n<p>Le Secours Catholique y dispose de son propre local et la Biblioth\u00e8que paroissiale est h\u00e9berg\u00e9e dans une des salles.<\/p>\n<p>Ce centre a \u00e9t\u00e9 constitu\u00e9 peu \u00e0 peu \u00e0 partir de 1953 \u00e0 initiative du chanoine Robert Gardey, suite \u00e0 l achat en rente viag\u00e8re d&rsquo;un bien appartenant \u00e0 une paroissienne Mme CAVIROL. Une grande salle paroissiale a d&rsquo; abord \u00e9t\u00e9 am\u00e9nag\u00e9e puis un logement pour le vicaire.\u00a0 Dans les ann\u00e9es 1970, sous l&rsquo; impulsion de l&rsquo; abb\u00e9 CHARRIEZ\u00a0 et\u00a0 gr\u00e2ce au travail des paroissiens et au financement trouv\u00e9 \u00e0 travers l&rsquo;organisation de kermesses, le centre a \u00e9t\u00e9 agrandi (salles et pr\u00e9au). Par la suite, un \u00e9change de terrains a \u00e9t\u00e9 effectu\u00e9 avec la Mairie pour le percement du cheminement Robert LESTRADE et un local a \u00e9t\u00e9 construit pour le Secours catholique.<\/p>\n<p>&nbsp;<\/p>\n<p>&nbsp;<\/p>\n","protected":false},"excerpt":{"rendered":"<p>Le Foyer Saint-Martin est le\u00a0 centre paroissial situ\u00e9 \u00e0 l&rsquo;angle de la Rue Lannes, de la place du Corps-franc Pommies\u00a0 et du Cheminement Robert Lestrade (\u00e0 c\u00f4t\u00e9 du Centre Multim\u00e9dia&#8230;<\/p>\n<p> <a class=\"continue-reading-link\" href=\"https:\/\/paroisses-vic-bigorre.fr\/?page_id=348\"><span>LIRE LA SUITE<\/span><i class=\"crycon-right-dir\"><\/i><\/a> <\/p>\n","protected":false},"author":2,"featured_media":0,"parent":0,"menu_order":0,"comment_status":"closed","ping_status":"closed","template":"","meta":{"footnotes":""},"class_list":["post-348","page","type-page","status-publish","hentry"],"jetpack_sharing_enabled":true,"_links":{"self":[{"href":"https:\/\/paroisses-vic-bigorre.fr\/index.php?rest_route=\/wp\/v2\/pages\/348","targetHints":{"allow":["GET"]}}],"collection":[{"href":"https:\/\/paroisses-vic-bigorre.fr\/index.php?rest_route=\/wp\/v2\/pages"}],"about":[{"href":"https:\/\/paroisses-vic-bigorre.fr\/index.php?rest_route=\/wp\/v2\/types\/page"}],"author":[{"embeddable":true,"href":"https:\/\/paroisses-vic-bigorre.fr\/index.php?rest_route=\/wp\/v2\/users\/2"}],"replies":[{"embeddable":true,"href":"https:\/\/paroisses-vic-bigorre.fr\/index.php?rest_route=%2Fwp%2Fv2%2Fcomments&post=348"}],"version-history":[{"count":3,"href":"https:\/\/paroisses-vic-bigorre.fr\/index.php?rest_route=\/wp\/v2\/pages\/348\/revisions"}],"predecessor-version":[{"id":14099,"href":"https:\/\/paroisses-vic-bigorre.fr\/index.php?rest_route=\/wp\/v2\/pages\/348\/revisions\/14099"}],"wp:attachment":[{"href":"https:\/\/paroisses-vic-bigorre.fr\/index.php?rest_route=%2Fwp%2Fv2%2Fmedia&parent=348"}],"curies":[{"name":"wp","href":"https:\/\/api.w.org\/{rel}","templated":true}]}}