{"id":310,"date":"2019-11-18T13:30:42","date_gmt":"2019-11-18T12:30:42","guid":{"rendered":"http:\/\/paroisses-vic-bigorre.com\/?page_id=310"},"modified":"2026-05-01T13:52:16","modified_gmt":"2026-05-01T11:52:16","slug":"messes","status":"publish","type":"page","link":"https:\/\/paroisses-vic-bigorre.fr\/?page_id=310","title":{"rendered":"Messes Vic Andrest &#038; Enclaves"},"content":{"rendered":"<h5>\u00a0<img loading=\"lazy\" decoding=\"async\" class=\" wp-image-15816 aligncenter\" src=\"https:\/\/paroisses-vic-bigorre.fr\/wp-content\/uploads\/2025\/12\/Logo-Vic-Andrest-Enclaves-mini.jpg\" alt=\"\" width=\"129\" height=\"154\" \/><\/h5>\n<h5 style=\"text-align: center;\"><strong><span style=\"color: #ff6600;\">SEMA<\/span><\/strong><strong><span style=\"color: #ff6600;\">INE du 3 au 10 mai 2026<\/span><\/strong><\/h5>\n<h5 style=\"text-align: center;\"><a href=\"https:\/\/paroisses-vic-bigorre.fr\/wp-content\/uploads\/2026\/04\/annonces-du-3-au-10-mai.pdf\" class=\"pdfemb-viewer\" style=\"\" data-width=\"max\" data-height=\"max\" data-toolbar=\"bottom\" data-toolbar-fixed=\"on\">annonces du 3 au 10 mai<\/a><\/h5>\n<p style=\"text-align: center;\"><a href=\"https:\/\/paroisses-vic-bigorre.fr\/wp-content\/uploads\/2026\/04\/annonces-du-3-au-10-mai.pdf\" target=\"_blank\" rel=\"noopener\"><strong><span style=\"color: #0000ff;\"><span style=\"text-decoration: underline;\">TELECHARGER ou IMPRIMER, cliquer ici<\/span><\/span><\/strong><\/a><\/p>\n<h5 style=\"text-align: center;\"><strong><span style=\"color: #ff6600;\">MESSES du MOIS de MAI<\/span><\/strong><\/h5>\n<a href=\"https:\/\/paroisses-vic-bigorre.fr\/wp-content\/uploads\/2026\/04\/Mai-2026.pdf\" class=\"pdfemb-viewer\" style=\"\" data-width=\"max\" data-height=\"max\" data-toolbar=\"bottom\" data-toolbar-fixed=\"on\">Mai 2026<\/a>\n<p style=\"text-align: center;\"><a href=\"https:\/\/paroisses-vic-bigorre.fr\/wp-content\/uploads\/2026\/04\/Mai-2026.pdf\" target=\"_blank\" rel=\"noopener\"><strong><span style=\"color: #0000ff;\"><span style=\"text-decoration: underline;\">TELECHARGER ou IMPRIMER, cliquer ici<\/span><\/span><\/strong><\/a><\/p>\n<h4 style=\"text-align: center;\"><strong><span style=\"color: #ff6600;\">AUTRES MESSES<\/span><\/strong><\/h4>\n<h4 style=\"text-align: center;\"><span style=\"color: #800000;\"><a style=\"color: #800000;\" href=\"https:\/\/messes.info\/horaires\/vic%20en%20bigorre\" target=\"_blank\" rel=\"noopener\"><strong>Suivre sur Messes-infos<\/strong><\/a><\/span><\/h4>\n<p>&nbsp;<\/p>\n<h5><img loading=\"lazy\" decoding=\"async\" class=\"size-full wp-image-16312 aligncenter\" src=\"https:\/\/paroisses-vic-bigorre.fr\/wp-content\/uploads\/2026\/01\/logo.png\" alt=\"\" width=\"300\" height=\"150\" srcset=\"https:\/\/paroisses-vic-bigorre.fr\/wp-content\/uploads\/2026\/01\/logo.png 300w, https:\/\/paroisses-vic-bigorre.fr\/wp-content\/uploads\/2026\/01\/logo-150x75.png 150w\" sizes=\"auto, (max-width: 300px) 100vw, 300px\" \/><\/h5>\n<p>&nbsp;<\/p>\n<p>&nbsp;<\/p>\n<p>&nbsp;<\/p>\n<p>&nbsp;<\/p>\n<h5 style=\"text-align: center;\"><\/h5>\n<p>[<\/p>\n<p>&nbsp;<\/p>\n<p>&nbsp;<\/p>\n<p>&nbsp;<\/p>\n<p>&nbsp;<\/p>\n<p>&nbsp;<\/p>\n<h4 style=\"text-align: center;\"><strong><span style=\"color: #0000ff;\"><span style=\"text-decoration: underline;\"><a href=\"http:\/\/paroisses-vic-bigorre.com\/wp-content\/uploads\/2022\/12\/Annonces-du-18-au-25-decembre-2022.pdf\" target=\"_blank\" rel=\"noopener\">\u00a0<\/a><\/span><\/span><\/strong><\/h4>\n<p>&nbsp;<\/p>\n<h4 style=\"text-align: center;\"><\/h4>\n<p>&nbsp;<\/p>\n<p>&nbsp;<\/p>\n<p>&nbsp;<\/p>\n<p>&nbsp;<\/p>\n<p>&nbsp;<\/p>\n<h5 style=\"text-align: center;\"><strong><span style=\"color: #0000ff;\"><span style=\"font-family: Tahoma, Geneva, sans-serif;\">H<\/span>oraires et lieux<span style=\"font-family: Tahoma, Geneva, sans-serif;\"> d&rsquo;autres messes peuvent \u00eatre recherch\u00e9s sur le site <a style=\"color: #0000ff;\" href=\"https:\/\/messes.info\/horaires\/65500\" target=\"_blank\" rel=\"noopener noreferrer\"><span style=\"text-decoration: underline;\">messes.info<\/span><\/a><\/span><\/span><\/strong><\/h5>\n<p style=\"text-align: center;\"><em><span style=\"color: #000000;\">\u00a0 Une application est \u00e9galement t\u00e9l\u00e9chargeable sur smartphone.<\/span><\/em><\/p>\n<p>&#8212;&#8212;&#8212;&#8212;&#8212;&#8212;&#8212;&#8212;&#8212;&#8212;&#8212;&#8212;&#8212;&#8212;&#8212;&#8212;&#8212;&#8212;&#8212;&#8212;&#8212;&#8212;&#8212;&#8212;&#8212;&#8212;&#8212;&#8212;&#8212;&#8212;&#8212;&#8212;&#8212;&#8212;&#8212;&#8212;&#8212;&#8212;&#8212;&#8212;&#8212;&#8212;&#8212;&#8212;&#8212;&#8212;&#8212;&#8212;&#8212;&#8212;<\/p>\n<p style=\"text-align: center;\"><a href=\"http:\/\/paroisses-vic-bigorre.com\/index.php\/offrandes-pour-messe-bapteme-mariage-et-obseques\/\"><span style=\"text-decoration: underline;\"><span style=\"color: #0000ff; text-decoration: underline;\">Offrandes conseill\u00e9es pour messes et casuel<\/span><\/span><\/a><\/p>\n<hr \/>\n<p>&nbsp;<\/p>\n","protected":false},"excerpt":{"rendered":"<p>\u00a0 SEMAINE du 3 au 10 mai 2026 TELECHARGER ou IMPRIMER, cliquer ici MESSES du MOIS de MAI TELECHARGER ou IMPRIMER, cliquer ici AUTRES MESSES Suivre sur Messes-infos &nbsp; &nbsp;&#8230;<\/p>\n<p> <a class=\"continue-reading-link\" href=\"https:\/\/paroisses-vic-bigorre.fr\/?page_id=310\"><span>LIRE LA SUITE<\/span><i class=\"crycon-right-dir\"><\/i><\/a> <\/p>\n","protected":false},"author":2,"featured_media":0,"parent":0,"menu_order":0,"comment_status":"closed","ping_status":"closed","template":"","meta":{"footnotes":""},"class_list":["post-310","page","type-page","status-publish","hentry"],"jetpack_sharing_enabled":true,"_links":{"self":[{"href":"https:\/\/paroisses-vic-bigorre.fr\/index.php?rest_route=\/wp\/v2\/pages\/310","targetHints":{"allow":["GET"]}}],"collection":[{"href":"https:\/\/paroisses-vic-bigorre.fr\/index.php?rest_route=\/wp\/v2\/pages"}],"about":[{"href":"https:\/\/paroisses-vic-bigorre.fr\/index.php?rest_route=\/wp\/v2\/types\/page"}],"author":[{"embeddable":true,"href":"https:\/\/paroisses-vic-bigorre.fr\/index.php?rest_route=\/wp\/v2\/users\/2"}],"replies":[{"embeddable":true,"href":"https:\/\/paroisses-vic-bigorre.fr\/index.php?rest_route=%2Fwp%2Fv2%2Fcomments&post=310"}],"version-history":[{"count":147,"href":"https:\/\/paroisses-vic-bigorre.fr\/index.php?rest_route=\/wp\/v2\/pages\/310\/revisions"}],"predecessor-version":[{"id":16511,"href":"https:\/\/paroisses-vic-bigorre.fr\/index.php?rest_route=\/wp\/v2\/pages\/310\/revisions\/16511"}],"wp:attachment":[{"href":"https:\/\/paroisses-vic-bigorre.fr\/index.php?rest_route=%2Fwp%2Fv2%2Fmedia&parent=310"}],"curies":[{"name":"wp","href":"https:\/\/api.w.org\/{rel}","templated":true}]}}