{"id":1739,"date":"2019-12-16T21:40:16","date_gmt":"2019-12-16T20:40:16","guid":{"rendered":"http:\/\/paroisses-vic-bigorre.com\/?page_id=1739"},"modified":"2024-06-18T19:37:09","modified_gmt":"2024-06-18T17:37:09","slug":"offrandes-pour-messe-bapteme-mariage-et-obseques","status":"publish","type":"page","link":"https:\/\/paroisses-vic-bigorre.fr\/?page_id=1739","title":{"rendered":"Offrandes pour messe et casuel"},"content":{"rendered":"<h5 style=\"text-align: center;\"><strong><span style=\"color: #008000;\">LES OFFRANDES DE MESSE &amp; CASUELS<\/span><\/strong><\/h5>\n<p style=\"text-align: justify;\">Les offrandes de messe, comme les casuels, sont des dons faits au pr\u00eatre et \u00e0 l&rsquo;\u00c9glise pour c\u00e9l\u00e9brer \u00e0 une intention particuli\u00e8re ou lors des temps marquants de la vie chr\u00e9tienne : bapt\u00eame, mariage et fun\u00e9railles.<\/p>\n<p style=\"text-align: justify;\"><strong><span style=\"color: #0000ff;\">OFFRANDES DE MESSES<\/span><\/strong><br \/>\nToute messe est c\u00e9l\u00e9br\u00e9e \u00e0 l\u2019intention de l\u2019\u00c9glise et du monde entier, mais le c\u00e9l\u00e9brant peut, \u00e0 votre demande, y ajouter une intention particuli\u00e8re, comme celle de prier pour un d\u00e9funt ou pour une autre personne. L\u2019offrande de messe est le don que l\u2019on fait au pr\u00eatre pour c\u00e9l\u00e9brer \u00e0 cette intention particuli\u00e8re, c\u2019est un mandat qu\u2019on lui confie.<\/p>\n<p style=\"text-align: justify;\"><strong><span style=\"color: #0000ff;\">CASUELS<\/span><\/strong><br \/>\nL\u2019\u00c9glise vous accompagne dans les temps marquants de la vie chr\u00e9tienne que sont le bapt\u00eame, le mariage et les fun\u00e9railles. On appelle \u00ab\u00a0casuel\u00a0\u00bb, la participation donn\u00e9e lors de ces grandes occasions. Le terme casuel vient de \u2018cas\u2019, pour d\u00e9signer cette offrande que l\u2019on fait cas par cas, pour des c\u00e9l\u00e9brations bien identifi\u00e9es.<\/p>\n<p style=\"text-align: justify;\">Cette contribution permet \u00e0 votre paroisse de couvrir les frais occasionn\u00e9s par l\u2019ouverture de l\u2019\u00e9glise lors de ces c\u00e9l\u00e9brations (frais de chauffage ou d\u2019\u00e9lectricit\u00e9 par exemple), mais \u00e9galement les frais de pr\u00e9paration de Ev\u00e8nement, y compris la formation de ceux qui officieront ou vous aideront \u00e0 mettre en mots et en forme la c\u00e9r\u00e9monie, ainsi que les frais d&rsquo;enregistrement (registres paroissiaux et dioc\u00e9sains).<\/p>\n<p style=\"text-align: right;\"><em>Source : \u00e9glise.catholique.fr<\/em><\/p>\n<h5 style=\"text-align: center;\"><strong><span style=\"color: #008000;\">Com<\/span><span style=\"color: #008000;\">munaut\u00e9 paroissiale Vic-Bigorre, Andrest et Enclaves<\/span><\/strong><\/h5>\n<p style=\"text-align: center;\"><strong><span style=\"color: #800080;\">Offrande de messe.<\/span><\/strong><\/p>\n<p style=\"text-align: left;\"><span style=\"color: #003300;\"><strong>Vous pouvez faire dire une messe \u00e0 une intention particuli\u00e8re. Montant fix\u00e9 par les \u00c9v\u00eaques de France \u00e0 18 \u20ac<\/strong><\/span><\/p>\n<p style=\"text-align: center;\"><span style=\"color: #800000;\"><em><strong>(la demande\u00a0 de c\u00e9l\u00e9bration doit \u00eatre faite aupr\u00e8s du secr\u00e9tariat de la Communaut\u00e9 paroissiale).<\/strong><\/em><\/span><\/p>\n<p style=\"text-align: center;\"><strong><span style=\"color: #800080;\">Casuel (bapt\u00eames, mariages, obs\u00e8ques) <\/span><\/strong><\/p>\n<p><strong><u>\u00a0<\/u><\/strong><strong><em><u>Bapt\u00eame<\/u><\/em><\/strong> : 50 \u20ac offrande conseill\u00e9e.<\/p>\n<p><strong><em><u>Mariage et obs\u00e8ques<\/u><\/em><\/strong> : 150 \u20ac (dont 18 \u20ac pour le c\u00e9l\u00e9brant, 66 \u20ac pour la paroisse, 66 \u20ac pour le dioc\u00e8se)<\/p>\n<p style=\"text-align: center;\"><strong><span style=\"color: #800080;\">Qu\u00eates paroissiales :<\/span><\/strong><\/p>\n<p>Elles permettent de payer les nombreuses factures de la paroisse. Le montant sugg\u00e9r\u00e9 est de 2 \u20ac.<\/p>\n","protected":false},"excerpt":{"rendered":"<p>LES OFFRANDES DE MESSE &amp; CASUELS Les offrandes de messe, comme les casuels, sont des dons faits au pr\u00eatre et \u00e0 l&rsquo;\u00c9glise pour c\u00e9l\u00e9brer \u00e0 une intention particuli\u00e8re ou lors&#8230;<\/p>\n<p> <a class=\"continue-reading-link\" href=\"https:\/\/paroisses-vic-bigorre.fr\/?page_id=1739\"><span>LIRE LA SUITE<\/span><i class=\"crycon-right-dir\"><\/i><\/a> <\/p>\n","protected":false},"author":2,"featured_media":0,"parent":0,"menu_order":0,"comment_status":"closed","ping_status":"closed","template":"","meta":{"footnotes":""},"class_list":["post-1739","page","type-page","status-publish","hentry"],"jetpack_sharing_enabled":true,"_links":{"self":[{"href":"https:\/\/paroisses-vic-bigorre.fr\/index.php?rest_route=\/wp\/v2\/pages\/1739","targetHints":{"allow":["GET"]}}],"collection":[{"href":"https:\/\/paroisses-vic-bigorre.fr\/index.php?rest_route=\/wp\/v2\/pages"}],"about":[{"href":"https:\/\/paroisses-vic-bigorre.fr\/index.php?rest_route=\/wp\/v2\/types\/page"}],"author":[{"embeddable":true,"href":"https:\/\/paroisses-vic-bigorre.fr\/index.php?rest_route=\/wp\/v2\/users\/2"}],"replies":[{"embeddable":true,"href":"https:\/\/paroisses-vic-bigorre.fr\/index.php?rest_route=%2Fwp%2Fv2%2Fcomments&post=1739"}],"version-history":[{"count":1,"href":"https:\/\/paroisses-vic-bigorre.fr\/index.php?rest_route=\/wp\/v2\/pages\/1739\/revisions"}],"predecessor-version":[{"id":14168,"href":"https:\/\/paroisses-vic-bigorre.fr\/index.php?rest_route=\/wp\/v2\/pages\/1739\/revisions\/14168"}],"wp:attachment":[{"href":"https:\/\/paroisses-vic-bigorre.fr\/index.php?rest_route=%2Fwp%2Fv2%2Fmedia&parent=1739"}],"curies":[{"name":"wp","href":"https:\/\/api.w.org\/{rel}","templated":true}]}}