{"id":15909,"date":"2026-01-04T16:59:59","date_gmt":"2026-01-04T15:59:59","guid":{"rendered":"https:\/\/paroisses-vic-bigorre.fr\/?page_id=15909"},"modified":"2026-01-11T18:22:45","modified_gmt":"2026-01-11T17:22:45","slug":"labatut-riviere","status":"publish","type":"page","link":"https:\/\/paroisses-vic-bigorre.fr\/?page_id=15909","title":{"rendered":"Labatut-Rivi\u00e8re : \u00e9glise de l&rsquo;Assomption"},"content":{"rendered":"<p style=\"padding-left: 80px;\"><img loading=\"lazy\" decoding=\"async\" class=\"aligncenter\" src=\"https:\/\/upload.wikimedia.org\/wikipedia\/commons\/thumb\/d\/d6\/Blason_ville_fr_Labatut-Rivi%C3%A8re_%2865%29.svg\/langfr-120px-Blason_ville_fr_Labatut-Rivi%C3%A8re_%2865%29.svg.png\" alt=\"Blason de Labatut-Rivi\u00e8re\" width=\"59\" height=\"65\" \/><\/p>\n<h4 style=\"text-align: center;\"><strong><span style=\"color: #ff6600;\">La commune<\/span><\/strong><\/h4>\n<p style=\"text-align: right;\"><em>Population : 493 habitants (2023)<\/em><\/p>\n<p style=\"text-align: justify;\">Labatut est situ\u00e9 sur l&rsquo;Adour au nord du d\u00e9partement des Hautes-Pyr\u00e9n\u00e9es. Son histoire se r\u00e9v\u00e8le \u00e0 travers celle de ses seigneurs qui portent le titre de vicomtes de Rivi\u00e8re. Ceux-ci rentrent d\u00e8s lors au service des comtes d\u2019Armagnac.<br \/>\nAu d\u00e9but du XV\u00e8me si\u00e8cle, les vicomtes de Rivi\u00e8re font construire ou reconstruire leur ch\u00e2teau, puisque la tour cylindrique, visible de nos jours, est dat\u00e9e du XIVe si\u00e8cle ou XVe si\u00e8cle. Il prendra sa forme actuelle \u00e0 la fin du XVI\u00e8me si\u00e8cle. Cette famille en demeurera propri\u00e9taire jusqu&rsquo;en 1776 ou le bien est acquis par la famille de Fondeville.<\/p>\n<p style=\"text-align: justify;\">Pierre Clair de Fondeville s&rsquo;installe en 1781 dans le ch\u00e2teau acquis par son p\u00e8re et sur ses terres de Labatut. Bien que noble et arborant le titre de vicomte de Labatut, il adh\u00e8re tr\u00e8s t\u00f4t aux id\u00e9es de la R\u00e9volution. Il est nomm\u00e9 chef de la Garde nationale de Tarbes en 1789, il est ensuite \u00e9lu premier maire de Tarbes en janvier 1790 et enfin \u00e9lu pr\u00e9sident de l&rsquo;assembl\u00e9e d\u00e9partementale des Hautes-Pyr\u00e9n\u00e9es (futur conseil g\u00e9n\u00e9ral), en juillet 1790. \u00c9cart\u00e9 durant la Terreur, il redevient pr\u00e9sident du conseil g\u00e9n\u00e9ral sous le Consulat, sous le Premier Empire et sous la Restauration.\u00a0 Pierre Clair de Fondeville exerce ensuite plusieurs mandats locaux jusqu&rsquo;\u00e0 sa mort en 1828. . Le ch\u00e2teau passe alors \u00e0 la famille de Castelmore puis par alliance \u00e0 la famille de Germon qui le vend en 1980. Depuis malheureusement, le ch\u00e2teau &#8211; class\u00e9 monument historique &#8211; a \u00e9t\u00e9 laiss\u00e9 \u00e0 un quasi abandon.<\/p>\n<p style=\"text-align: justify;\">\n<div style=\"width: 263px\" class=\"wp-caption aligncenter\"><a href=\"https:\/\/upload.wikimedia.org\/wikipedia\/commons\/thumb\/2\/2e\/Chateau-Labatut-Rivi%C3%A8re.jpg\/960px-Chateau-Labatut-Rivi%C3%A8re.jpg\"><img loading=\"lazy\" decoding=\"async\" title=\"Droit image : Pucheu \u2014 Travail CC BY-SA 3.0, https:\/\/commons.wikimedia.org\/\" src=\"https:\/\/upload.wikimedia.org\/wikipedia\/commons\/thumb\/2\/2e\/Chateau-Labatut-Rivi%C3%A8re.jpg\/960px-Chateau-Labatut-Rivi%C3%A8re.jpg\" alt=\"\" width=\"253\" height=\"190\" \/><\/a><p class=\"wp-caption-text\">Tour du ch\u00e2teau (XIV\u00e8)<\/p><\/div>\n<h4 style=\"text-align: center;\"><span style=\"color: #ff9900;\"><strong>L&rsquo;\u00e9glise de l&rsquo;Assomption<\/strong><\/span><\/h4>\n<p style=\"text-align: justify;\"><a href=\"https:\/\/paroisses-vic-bigorre.fr\/wp-content\/uploads\/2026\/01\/Eglise_Saint-Jacques_de_Sauveterre_Hautes-Pyrenees_2-scaled.jpg\"><img loading=\"lazy\" decoding=\"async\" class=\"aligncenter wp-image-15900\" title=\"Droit image : Pucheu \u2014 Travail CC BY-SA 3.0, https:\/\/commons.wikimedia.org\/\" src=\"https:\/\/paroisses-vic-bigorre.fr\/wp-content\/uploads\/2026\/01\/Eglise_Saint-Jacques_de_Sauveterre_Hautes-Pyrenees_2-300x214.jpg\" alt=\"\" width=\"346\" height=\"247\" srcset=\"https:\/\/paroisses-vic-bigorre.fr\/wp-content\/uploads\/2026\/01\/Eglise_Saint-Jacques_de_Sauveterre_Hautes-Pyrenees_2-300x214.jpg 300w, https:\/\/paroisses-vic-bigorre.fr\/wp-content\/uploads\/2026\/01\/Eglise_Saint-Jacques_de_Sauveterre_Hautes-Pyrenees_2-1024x731.jpg 1024w, https:\/\/paroisses-vic-bigorre.fr\/wp-content\/uploads\/2026\/01\/Eglise_Saint-Jacques_de_Sauveterre_Hautes-Pyrenees_2-768x548.jpg 768w, https:\/\/paroisses-vic-bigorre.fr\/wp-content\/uploads\/2026\/01\/Eglise_Saint-Jacques_de_Sauveterre_Hautes-Pyrenees_2-1536x1096.jpg 1536w, https:\/\/paroisses-vic-bigorre.fr\/wp-content\/uploads\/2026\/01\/Eglise_Saint-Jacques_de_Sauveterre_Hautes-Pyrenees_2-2048x1462.jpg 2048w, https:\/\/paroisses-vic-bigorre.fr\/wp-content\/uploads\/2026\/01\/Eglise_Saint-Jacques_de_Sauveterre_Hautes-Pyrenees_2-150x107.jpg 150w, https:\/\/paroisses-vic-bigorre.fr\/wp-content\/uploads\/2026\/01\/Eglise_Saint-Jacques_de_Sauveterre_Hautes-Pyrenees_2-210x150.jpg 210w\" sizes=\"auto, (max-width: 346px) 100vw, 346px\" \/><\/a>L&rsquo;\u00e9glise de l&rsquo;Assomption date des XVIIe et XVIIIe si\u00e8cles. Elle est tr\u00e8s li\u00e9e \u00e0 l&rsquo;histoire des seigneurs du lieu. On peut remarquer sur son terre-plein qui jouxte les murs du ch\u00e2teau une grande et belle statue \u00e0 la vierge.<\/p>\n","protected":false},"excerpt":{"rendered":"<p>La commune Population : 493 habitants (2023) Labatut est situ\u00e9 sur l&rsquo;Adour au nord du d\u00e9partement des Hautes-Pyr\u00e9n\u00e9es. Son histoire se r\u00e9v\u00e8le \u00e0 travers celle de ses seigneurs qui portent&#8230;<\/p>\n<p> <a class=\"continue-reading-link\" href=\"https:\/\/paroisses-vic-bigorre.fr\/?page_id=15909\"><span>LIRE LA SUITE<\/span><i class=\"crycon-right-dir\"><\/i><\/a> <\/p>\n","protected":false},"author":1,"featured_media":0,"parent":0,"menu_order":0,"comment_status":"closed","ping_status":"closed","template":"","meta":{"footnotes":""},"class_list":["post-15909","page","type-page","status-publish","hentry"],"jetpack_sharing_enabled":true,"_links":{"self":[{"href":"https:\/\/paroisses-vic-bigorre.fr\/index.php?rest_route=\/wp\/v2\/pages\/15909","targetHints":{"allow":["GET"]}}],"collection":[{"href":"https:\/\/paroisses-vic-bigorre.fr\/index.php?rest_route=\/wp\/v2\/pages"}],"about":[{"href":"https:\/\/paroisses-vic-bigorre.fr\/index.php?rest_route=\/wp\/v2\/types\/page"}],"author":[{"embeddable":true,"href":"https:\/\/paroisses-vic-bigorre.fr\/index.php?rest_route=\/wp\/v2\/users\/1"}],"replies":[{"embeddable":true,"href":"https:\/\/paroisses-vic-bigorre.fr\/index.php?rest_route=%2Fwp%2Fv2%2Fcomments&post=15909"}],"version-history":[{"count":12,"href":"https:\/\/paroisses-vic-bigorre.fr\/index.php?rest_route=\/wp\/v2\/pages\/15909\/revisions"}],"predecessor-version":[{"id":16176,"href":"https:\/\/paroisses-vic-bigorre.fr\/index.php?rest_route=\/wp\/v2\/pages\/15909\/revisions\/16176"}],"wp:attachment":[{"href":"https:\/\/paroisses-vic-bigorre.fr\/index.php?rest_route=%2Fwp%2Fv2%2Fmedia&parent=15909"}],"curies":[{"name":"wp","href":"https:\/\/api.w.org\/{rel}","templated":true}]}}