{"id":15662,"date":"2025-11-01T13:15:22","date_gmt":"2025-11-01T12:15:22","guid":{"rendered":"https:\/\/paroisses-vic-bigorre.fr\/?page_id=15662"},"modified":"2025-11-01T13:15:22","modified_gmt":"2025-11-01T12:15:22","slug":"nouvelle-organisation-diocesaine","status":"publish","type":"page","link":"https:\/\/paroisses-vic-bigorre.fr\/?page_id=15662","title":{"rendered":"Nouvelle organisation dioc\u00e9saine"},"content":{"rendered":"<p><img loading=\"lazy\" decoding=\"async\" class=\"size-full wp-image-14321 aligncenter\" src=\"https:\/\/paroisses-vic-bigorre.fr\/wp-content\/uploads\/2024\/06\/logo-diocese.png\" alt=\"\" width=\"190\" height=\"155\" srcset=\"https:\/\/paroisses-vic-bigorre.fr\/wp-content\/uploads\/2024\/06\/logo-diocese.png 190w, https:\/\/paroisses-vic-bigorre.fr\/wp-content\/uploads\/2024\/06\/logo-diocese-150x122.png 150w, https:\/\/paroisses-vic-bigorre.fr\/wp-content\/uploads\/2024\/06\/logo-diocese-184x150.png 184w\" sizes=\"auto, (max-width: 190px) 100vw, 190px\" \/><\/p>\n<p>Mgr MICAS, \u00e9v\u00eaque de Tarbes &amp; Lourdes a\u00a0 souhait\u00e9, comme cela se fait dans de nombreux dioc\u00e8ses, simplifier la carte des paroisses afin de l&rsquo;adapter aux \u00e9volutions que rencontre l&rsquo;\u00e9glise, notamment la diminution du nombre de pr\u00eatres.<\/p>\n<p>Il a annonc\u00e9 cette d\u00e9marche dans une lettre et a ensuite tenu diff\u00e9rentes r\u00e9unions de pr\u00e9paration et d&rsquo;information.<\/p>\n<a href=\"https:\/\/paroisses-vic-bigorre.fr\/wp-content\/uploads\/2025\/06\/Lettre-EP-paroisses.pdf\" class=\"pdfemb-viewer\" style=\"\" data-width=\"max\" data-height=\"max\" data-toolbar=\"bottom\" data-toolbar-fixed=\"on\">Lettre EP paroisses<\/a>\n<p><strong>Mgr MICAS a valid\u00e9 le changement et en a fix\u00e9 les modalit\u00e9s le premier septembre 2025<\/strong><\/p>\n<p style=\"text-align: center;\"><a href=\"https:\/\/catholique65.fr\/wp-content\/uploads\/2025\/07\/Paroisses.pdf\" target=\"_blank\" rel=\"noopener\">Lire le texte<\/a><\/p>\n<p>&nbsp;<\/p>\n","protected":false},"excerpt":{"rendered":"<p>Mgr MICAS, \u00e9v\u00eaque de Tarbes &amp; Lourdes a\u00a0 souhait\u00e9, comme cela se fait dans de nombreux dioc\u00e8ses, simplifier la carte des paroisses afin de l&rsquo;adapter aux \u00e9volutions que rencontre l&rsquo;\u00e9glise,&#8230;<\/p>\n<p> <a class=\"continue-reading-link\" href=\"https:\/\/paroisses-vic-bigorre.fr\/?page_id=15662\"><span>LIRE LA SUITE<\/span><i class=\"crycon-right-dir\"><\/i><\/a> <\/p>\n","protected":false},"author":1,"featured_media":0,"parent":0,"menu_order":0,"comment_status":"closed","ping_status":"closed","template":"","meta":{"footnotes":""},"class_list":["post-15662","page","type-page","status-publish","hentry"],"jetpack_sharing_enabled":true,"_links":{"self":[{"href":"https:\/\/paroisses-vic-bigorre.fr\/index.php?rest_route=\/wp\/v2\/pages\/15662","targetHints":{"allow":["GET"]}}],"collection":[{"href":"https:\/\/paroisses-vic-bigorre.fr\/index.php?rest_route=\/wp\/v2\/pages"}],"about":[{"href":"https:\/\/paroisses-vic-bigorre.fr\/index.php?rest_route=\/wp\/v2\/types\/page"}],"author":[{"embeddable":true,"href":"https:\/\/paroisses-vic-bigorre.fr\/index.php?rest_route=\/wp\/v2\/users\/1"}],"replies":[{"embeddable":true,"href":"https:\/\/paroisses-vic-bigorre.fr\/index.php?rest_route=%2Fwp%2Fv2%2Fcomments&post=15662"}],"version-history":[{"count":3,"href":"https:\/\/paroisses-vic-bigorre.fr\/index.php?rest_route=\/wp\/v2\/pages\/15662\/revisions"}],"predecessor-version":[{"id":15665,"href":"https:\/\/paroisses-vic-bigorre.fr\/index.php?rest_route=\/wp\/v2\/pages\/15662\/revisions\/15665"}],"wp:attachment":[{"href":"https:\/\/paroisses-vic-bigorre.fr\/index.php?rest_route=%2Fwp%2Fv2%2Fmedia&parent=15662"}],"curies":[{"name":"wp","href":"https:\/\/api.w.org\/{rel}","templated":true}]}}

Nouvelle organisation diocésaine

<p><img loading="lazy" decoding="async" class="size-full wp-image-14321 aligncenter" src="https://paroisses-vic-bigorre.fr/wp-content/uploads/2024/06/logo-diocese.png" alt="" width="190" height="155" srcset="https://paroisses-vic-bigorre.fr/wp-content/uploads/2024/06/logo-diocese.png 190w, https://paroisses-vic-bigorre.fr/wp-content/uploads/2024/06/logo-diocese-150x122.png 150w, https://paroisses-vic-bigorre.fr/wp-content/uploads/2024/06/logo-diocese-184x150.png 184w" sizes="auto, (max-width: 190px) 100vw, 190px" /></p>
<p>Mgr MICAS, évêque de Tarbes &amp; Lourdes a  souhaité, comme cela se fait dans de nombreux diocèses, simplifier la carte des paroisses afin de l&rsquo;adapter aux évolutions que rencontre l&rsquo;église, notamment la diminution du nombre de prêtres.</p>
<p>Il a annoncé cette démarche dans une lettre et a ensuite tenu différentes réunions de préparation et d&rsquo;information.</p>
<a href="https://paroisses-vic-bigorre.fr/wp-content/uploads/2025/06/Lettre-EP-paroisses.pdf" class="pdfemb-viewer" style="" data-width="max" data-height="max" data-toolbar="bottom" data-toolbar-fixed="on">Lettre EP paroisses</a>
<p><strong>Mgr MICAS a validé le changement et en a fixé les modalités le premier septembre 2025</strong></p>
<p style="text-align: center;"><a href="https://catholique65.fr/wp-content/uploads/2025/07/Paroisses.pdf" target="_blank" rel="noopener">Lire le texte</a></p>
<p>&nbsp;</p>

<p>Mgr MICAS, évêque de Tarbes &amp; Lourdes a  souhaité, comme cela se fait dans de nombreux diocèses, simplifier la carte des paroisses afin de l&rsquo;adapter aux évolutions que rencontre l&rsquo;église,&#8230;</p>
<p> <a class="continue-reading-link" href="https://paroisses-vic-bigorre.fr/?page_id=15662"><span>LIRE LA SUITE</span><i class="crycon-right-dir"></i></a> </p>
