{"id":14831,"date":"2024-06-28T16:53:30","date_gmt":"2024-06-28T14:53:30","guid":{"rendered":"https:\/\/paroisses-vic-bigorre.fr\/?page_id=14831"},"modified":"2025-11-01T09:32:56","modified_gmt":"2025-11-01T08:32:56","slug":"defunts-de-nos-paroisses","status":"publish","type":"page","link":"https:\/\/paroisses-vic-bigorre.fr\/?page_id=14831","title":{"rendered":"D\u00e9funts de notre communaut\u00e9"},"content":{"rendered":"<p style=\"text-align: center;\"><a href=\"https:\/\/paroisses-vic-bigorre.fr\/wp-content\/uploads\/2024\/06\/Defunts-2018.pdf\" target=\"_blank\" rel=\"noopener\">Ann\u00e9e 2018 &#8211; 2019<\/a><\/p>\n<p style=\"text-align: center;\"><a href=\"https:\/\/paroisses-vic-bigorre.fr\/wp-content\/uploads\/2024\/06\/Defunts-2019.pdf\" target=\"_blank\" rel=\"noopener\">Ann\u00e9e 2019 &#8211; 2020<\/a><\/p>\n<p style=\"text-align: center;\">]<a href=\"https:\/\/paroisses-vic-bigorre.fr\/wp-content\/uploads\/2024\/06\/Defunts-2020.pdf\" target=\"_blank\" rel=\"noopener\">Ann\u00e9e 2020 &#8211; 2021<\/a><\/p>\n<p style=\"text-align: center;\"><a href=\"https:\/\/paroisses-vic-bigorre.fr\/wp-content\/uploads\/2024\/06\/Defunts-2021.pdf\" target=\"_blank\" rel=\"noopener\">Ann\u00e9e 2021 &#8211; 2022<\/a><\/p>\n<p style=\"text-align: center;\"><a href=\"https:\/\/paroisses-vic-bigorre.fr\/wp-content\/uploads\/2024\/06\/Defunts-2023.pdf\" target=\"_blank\" rel=\"noopener\">Ann\u00e9e 2022 &#8211; 2023<\/a><\/p>\n<p style=\"text-align: center;\"><a href=\"https:\/\/paroisses-vic-bigorre.fr\/wp-content\/uploads\/2024\/11\/Defunts-2023-2024.pdf\" target=\"_blank\" rel=\"noopener\">Ann\u00e9e 2023 &#8211; 2024<\/a><\/p>\n<p style=\"text-align: center;\"><a href=\"https:\/\/paroisses-vic-bigorre.fr\/wp-content\/uploads\/2024\/11\/Defunts-2023-2024.pdf\" target=\"_blank\" rel=\"noopener\">Ann\u00e9e 2024 &#8211; 2025<\/a><\/p>\n<a href=\"https:\/\/paroisses-vic-bigorre.fr\/wp-content\/uploads\/2025\/10\/Defunts-2025-decedes-en-2025.pdf\" class=\"pdfemb-viewer\" style=\"\" data-width=\"max\" data-height=\"max\" data-toolbar=\"bottom\" data-toolbar-fixed=\"on\">D\u00e9funts 2025 d\u00e9c\u00e9d\u00e9s en 2025<\/a>\n<p>&nbsp;<\/p>\n<p>&nbsp;<\/p>\n","protected":false},"excerpt":{"rendered":"<p>Ann\u00e9e 2018 &#8211; 2019 Ann\u00e9e 2019 &#8211; 2020 ]Ann\u00e9e 2020 &#8211; 2021 Ann\u00e9e 2021 &#8211; 2022 Ann\u00e9e 2022 &#8211; 2023 Ann\u00e9e 2023 &#8211; 2024 Ann\u00e9e 2024 &#8211; 2025 &nbsp; &nbsp;<\/p>\n<p> <a class=\"continue-reading-link\" href=\"https:\/\/paroisses-vic-bigorre.fr\/?page_id=14831\"><span>LIRE LA SUITE<\/span><i class=\"crycon-right-dir\"><\/i><\/a> <\/p>\n","protected":false},"author":1,"featured_media":0,"parent":314,"menu_order":0,"comment_status":"closed","ping_status":"closed","template":"","meta":{"footnotes":""},"class_list":["post-14831","page","type-page","status-publish","hentry"],"jetpack_sharing_enabled":true,"_links":{"self":[{"href":"https:\/\/paroisses-vic-bigorre.fr\/index.php?rest_route=\/wp\/v2\/pages\/14831","targetHints":{"allow":["GET"]}}],"collection":[{"href":"https:\/\/paroisses-vic-bigorre.fr\/index.php?rest_route=\/wp\/v2\/pages"}],"about":[{"href":"https:\/\/paroisses-vic-bigorre.fr\/index.php?rest_route=\/wp\/v2\/types\/page"}],"author":[{"embeddable":true,"href":"https:\/\/paroisses-vic-bigorre.fr\/index.php?rest_route=\/wp\/v2\/users\/1"}],"replies":[{"embeddable":true,"href":"https:\/\/paroisses-vic-bigorre.fr\/index.php?rest_route=%2Fwp%2Fv2%2Fcomments&post=14831"}],"version-history":[{"count":7,"href":"https:\/\/paroisses-vic-bigorre.fr\/index.php?rest_route=\/wp\/v2\/pages\/14831\/revisions"}],"predecessor-version":[{"id":15646,"href":"https:\/\/paroisses-vic-bigorre.fr\/index.php?rest_route=\/wp\/v2\/pages\/14831\/revisions\/15646"}],"up":[{"embeddable":true,"href":"https:\/\/paroisses-vic-bigorre.fr\/index.php?rest_route=\/wp\/v2\/pages\/314"}],"wp:attachment":[{"href":"https:\/\/paroisses-vic-bigorre.fr\/index.php?rest_route=%2Fwp%2Fv2%2Fmedia&parent=14831"}],"curies":[{"name":"wp","href":"https:\/\/api.w.org\/{rel}","templated":true}]}}