{"id":1128,"date":"2019-11-27T13:01:55","date_gmt":"2019-11-27T12:01:55","guid":{"rendered":"http:\/\/paroisses-vic-bigorre.com\/?page_id=1128"},"modified":"2026-01-14T11:33:38","modified_gmt":"2026-01-14T10:33:38","slug":"villenave-pres-bearn-eglise-de-lassomption","status":"publish","type":"page","link":"https:\/\/paroisses-vic-bigorre.fr\/?page_id=1128","title":{"rendered":"Villenave-pr\u00e9s-B\u00e9arn : \u00e9glise de l&rsquo;Assomption"},"content":{"rendered":"<h5><img loading=\"lazy\" decoding=\"async\" class=\"aligncenter\" src=\"https:\/\/upload.wikimedia.org\/wikipedia\/commons\/thumb\/3\/38\/Blason_de_la_ville_de_Villenave_pr%C3%A8s_B%C3%A9arn_%2865%29.svg\/545px-Blason_de_la_ville_de_Villenave_pr%C3%A8s_B%C3%A9arn_%2865%29.svg.png\" alt=\"Fichier:Blason de la ville de Villenave pr\u00e8s B\u00e9arn (65).svg\" width=\"135\" height=\"149\" \/><\/h5>\n<h5 style=\"text-align: center;\"><\/h5>\n<p style=\"text-align: right;\"><span style=\"color: #ff0000;\"><em>70 h<\/em><\/span><span style=\"color: #ff0000;\"><em>abitants (2023)<\/em><\/span><\/p>\n<p style=\"text-align: justify;\">Situ\u00e9e en bordure du plateau de Ger, Comme S\u00e9ron, Escaunets et\u00a0 la commune Villenave-pr\u00e8s-B\u00e9arn est une enclave (nord) des-Hautes-Pyr\u00e9n\u00e9es (r\u00e9gion Occitanie) dans les Pyr\u00e9n\u00e9es-Atlantiques (r\u00e9gion Aquitaine). Une deuxi\u00e8me enclave (sud) voisine comprend les communes de Gard\u00e8res, et Luquet Ces cinq communes rel\u00e8vent de la Communaut\u00e9 paroissiale de Vic-Bigorre.<\/p>\n<p style=\"text-align: justify;\">La pr\u00e9sence humaine dans la commune est attest\u00e9e d\u00e8s le N\u00e9olithique, ou \u00e2ge de la pierre polie, aux temps pr\u00e9historiques.<br \/>\nLes premiers habitants attribu\u00e8rent le nom de \u00ab Billa Nave \u00bb \u00e0 leur commune en 1429, \u00ab Viellenabe \u00bb en 1670, \u00ab Villenave en Bigorre \u00bb en 1789 et \u00ab Villenave pr\u00e8s B\u00e9arn \u00bb en 1790. La commune a \u00e9t\u00e9 plusieurs fois rebaptis\u00e9e. En 1300 \u00ab\u00a0Cazafreita\u00a0\u00bb (= maison froide), en 1429 \u00ab\u00a0Billa Nave\u00a0\u00bb, eb 1670 \u00ab\u00a0Villenabe\u00a0\u00bb (Villenave).<\/p>\n<p style=\"text-align: justify;\">Des seigneurs se sont succ\u00e9d\u00e9s. En 1640, Dominique de Saignes, en 01670 Alexandre de Vauz\u00e9, en 1790 Jean-Marie Desblancs. En 1790,la commune devient un quartier de Maure quand elle est r\u00e9habilit\u00e9e au rang de commune.<br \/>\nVillenave a connu une certaine prosp\u00e9rit\u00e9 \u00e9conomique avec la d\u00e9couverte des gisements de p\u00e9trole par ELF-AQUITAINE. Ils sont toujours en exploitation (soci\u00e9t\u00e9 Vermillon). Les royalties ont permis l&rsquo;\u00e9quipement de la commune et des travaux dans les b\u00e2timents communaux dont l&rsquo;\u00e9glise qui a \u00e9t\u00e9 enti\u00e8rement restaur\u00e9e.<\/p>\n<p style=\"text-align: center;\"><strong><span style=\"color: #ff6600;\">L&rsquo;\u00e9glise ND de lAssomption<\/span><\/strong><\/p>\n<h5 style=\"text-align: center;\"><a href=\"https:\/\/paroisses-vic-bigorre.fr\/wp-content\/uploads\/2024\/06\/Villenave-PB-scaled.jpg\"><img loading=\"lazy\" decoding=\"async\" class=\"alignnone wp-image-13955 size-medium\" src=\"https:\/\/paroisses-vic-bigorre.fr\/wp-content\/uploads\/2024\/06\/Villenave-PB-300x228.jpg\" alt=\"\" width=\"300\" height=\"228\" srcset=\"https:\/\/paroisses-vic-bigorre.fr\/wp-content\/uploads\/2024\/06\/Villenave-PB-300x228.jpg 300w, https:\/\/paroisses-vic-bigorre.fr\/wp-content\/uploads\/2024\/06\/Villenave-PB-1024x778.jpg 1024w, https:\/\/paroisses-vic-bigorre.fr\/wp-content\/uploads\/2024\/06\/Villenave-PB-768x584.jpg 768w, https:\/\/paroisses-vic-bigorre.fr\/wp-content\/uploads\/2024\/06\/Villenave-PB-1536x1167.jpg 1536w, https:\/\/paroisses-vic-bigorre.fr\/wp-content\/uploads\/2024\/06\/Villenave-PB-2048x1556.jpg 2048w, https:\/\/paroisses-vic-bigorre.fr\/wp-content\/uploads\/2024\/06\/Villenave-PB-150x114.jpg 150w, https:\/\/paroisses-vic-bigorre.fr\/wp-content\/uploads\/2024\/06\/Villenave-PB-369x280.jpg 369w\" sizes=\"auto, (max-width: 300px) 100vw, 300px\" \/><\/a><\/h5>\n<h6 style=\"text-align: center;\"><a href=\"https:\/\/paroisses-vic-bigorre.fr\/?page_id=655\" target=\"_blank\" rel=\"noopener\"><span style=\"color: #008000;\"><strong><span style=\"text-decoration: underline;\">En savoir plus sur les Enclaves<\/span><\/strong><\/span><\/a><\/h6>\n<p style=\"text-align: justify;\">\n","protected":false},"excerpt":{"rendered":"<p>70 habitants (2023) Situ\u00e9e en bordure du plateau de Ger, Comme S\u00e9ron, Escaunets et\u00a0 la commune Villenave-pr\u00e8s-B\u00e9arn est une enclave (nord) des-Hautes-Pyr\u00e9n\u00e9es (r\u00e9gion Occitanie) dans les Pyr\u00e9n\u00e9es-Atlantiques (r\u00e9gion Aquitaine). Une&#8230;<\/p>\n<p> <a class=\"continue-reading-link\" href=\"https:\/\/paroisses-vic-bigorre.fr\/?page_id=1128\"><span>LIRE LA SUITE<\/span><i class=\"crycon-right-dir\"><\/i><\/a> <\/p>\n","protected":false},"author":2,"featured_media":0,"parent":0,"menu_order":0,"comment_status":"closed","ping_status":"closed","template":"","meta":{"footnotes":""},"class_list":["post-1128","page","type-page","status-publish","hentry"],"jetpack_sharing_enabled":true,"_links":{"self":[{"href":"https:\/\/paroisses-vic-bigorre.fr\/index.php?rest_route=\/wp\/v2\/pages\/1128","targetHints":{"allow":["GET"]}}],"collection":[{"href":"https:\/\/paroisses-vic-bigorre.fr\/index.php?rest_route=\/wp\/v2\/pages"}],"about":[{"href":"https:\/\/paroisses-vic-bigorre.fr\/index.php?rest_route=\/wp\/v2\/types\/page"}],"author":[{"embeddable":true,"href":"https:\/\/paroisses-vic-bigorre.fr\/index.php?rest_route=\/wp\/v2\/users\/2"}],"replies":[{"embeddable":true,"href":"https:\/\/paroisses-vic-bigorre.fr\/index.php?rest_route=%2Fwp%2Fv2%2Fcomments&post=1128"}],"version-history":[{"count":4,"href":"https:\/\/paroisses-vic-bigorre.fr\/index.php?rest_route=\/wp\/v2\/pages\/1128\/revisions"}],"predecessor-version":[{"id":16271,"href":"https:\/\/paroisses-vic-bigorre.fr\/index.php?rest_route=\/wp\/v2\/pages\/1128\/revisions\/16271"}],"wp:attachment":[{"href":"https:\/\/paroisses-vic-bigorre.fr\/index.php?rest_route=%2Fwp%2Fv2%2Fmedia&parent=1128"}],"curies":[{"name":"wp","href":"https:\/\/api.w.org\/{rel}","templated":true}]}}