{"id":1110,"date":"2019-11-27T08:55:29","date_gmt":"2019-11-27T07:55:29","guid":{"rendered":"http:\/\/paroisses-vic-bigorre.com\/?page_id=1110"},"modified":"2024-06-16T15:09:56","modified_gmt":"2024-06-16T13:09:56","slug":"confirmation","status":"publish","type":"page","link":"https:\/\/paroisses-vic-bigorre.fr\/?page_id=1110","title":{"rendered":"Confirmation"},"content":{"rendered":"<p>&nbsp;<\/p>\n<p style=\"text-align: center;\">\n<div style=\"width: 365px\" class=\"wp-caption aligncenter\"><img loading=\"lazy\" decoding=\"async\" src=\"https:\/\/notredamedevre.diocese49.org\/IMG\/jpg\/confirmation2019.jpg\" alt=\"\" width=\"355\" height=\"296\" \/><p class=\"wp-caption-text\">Droit image : paroisses ND d&rsquo;Evres<\/p><\/div>\n<p>&nbsp;<\/p>\n<p style=\"text-align: justify;\"><span style=\"color: #0000ff;\">La Confirmation (<em>du latin confirmatio, action de consolider, d&rsquo;\u00e9tayer, d&rsquo;affermir, encouragements, affirmation<\/em>) est un sacrement de l&rsquo;initiation chr\u00e9tienne dans l&rsquo;\u00c9glise catholique et l&rsquo;\u00c9glise orthodoxe (<em>plut\u00f4t appel\u00e9e chrismation<\/em>).<\/span><\/p>\n<p style=\"text-align: center;\"><a href=\"https:\/\/eglise.catholique.fr\/approfondir-sa-foi\/la-celebration-de-la-foi\/les-sacrements\/la-confirmation\/371024-confirmation\/\" target=\"_blank\" rel=\"noopener noreferrer\"><span style=\"text-decoration: underline;\"><span style=\"color: #0000ff; text-decoration: underline;\">En savoir plus sur la Confirmation<\/span><\/span><\/a><\/p>\n<p style=\"text-align: center;\"><span style=\"text-decoration: underline; color: #0000ff;\">En savoir plus en image avec Kto<\/span><\/p>\n<p><iframe loading=\"lazy\" title=\"C&#039;est quoi la confirmation ?\" width=\"1150\" height=\"647\" src=\"https:\/\/www.youtube.com\/embed\/cTtQo2i0_IQ?feature=oembed\" frameborder=\"0\" allow=\"accelerometer; autoplay; encrypted-media; gyroscope; picture-in-picture\" allowfullscreen><\/iframe><\/p>\n<p>&nbsp;<\/p>\n<p><iframe loading=\"lazy\" title=\"La confirmation : le sacrement (2\/4)\" width=\"1150\" height=\"647\" src=\"https:\/\/www.youtube.com\/embed\/cnO-GKw5wR0?feature=oembed\" frameborder=\"0\" allow=\"accelerometer; autoplay; clipboard-write; encrypted-media; gyroscope; picture-in-picture; web-share\" referrerpolicy=\"strict-origin-when-cross-origin\" allowfullscreen><\/iframe><\/p>\n","protected":false},"excerpt":{"rendered":"<p>&nbsp; &nbsp; La Confirmation (du latin confirmatio, action de consolider, d&rsquo;\u00e9tayer, d&rsquo;affermir, encouragements, affirmation) est un sacrement de l&rsquo;initiation chr\u00e9tienne dans l&rsquo;\u00c9glise catholique et l&rsquo;\u00c9glise orthodoxe (plut\u00f4t appel\u00e9e chrismation). En&#8230;<\/p>\n<p> <a class=\"continue-reading-link\" href=\"https:\/\/paroisses-vic-bigorre.fr\/?page_id=1110\"><span>LIRE LA SUITE<\/span><i class=\"crycon-right-dir\"><\/i><\/a> <\/p>\n","protected":false},"author":2,"featured_media":0,"parent":0,"menu_order":0,"comment_status":"closed","ping_status":"closed","template":"","meta":{"footnotes":""},"class_list":["post-1110","page","type-page","status-publish","hentry"],"jetpack_sharing_enabled":true,"_links":{"self":[{"href":"https:\/\/paroisses-vic-bigorre.fr\/index.php?rest_route=\/wp\/v2\/pages\/1110","targetHints":{"allow":["GET"]}}],"collection":[{"href":"https:\/\/paroisses-vic-bigorre.fr\/index.php?rest_route=\/wp\/v2\/pages"}],"about":[{"href":"https:\/\/paroisses-vic-bigorre.fr\/index.php?rest_route=\/wp\/v2\/types\/page"}],"author":[{"embeddable":true,"href":"https:\/\/paroisses-vic-bigorre.fr\/index.php?rest_route=\/wp\/v2\/users\/2"}],"replies":[{"embeddable":true,"href":"https:\/\/paroisses-vic-bigorre.fr\/index.php?rest_route=%2Fwp%2Fv2%2Fcomments&post=1110"}],"version-history":[{"count":2,"href":"https:\/\/paroisses-vic-bigorre.fr\/index.php?rest_route=\/wp\/v2\/pages\/1110\/revisions"}],"predecessor-version":[{"id":13916,"href":"https:\/\/paroisses-vic-bigorre.fr\/index.php?rest_route=\/wp\/v2\/pages\/1110\/revisions\/13916"}],"wp:attachment":[{"href":"https:\/\/paroisses-vic-bigorre.fr\/index.php?rest_route=%2Fwp%2Fv2%2Fmedia&parent=1110"}],"curies":[{"name":"wp","href":"https:\/\/api.w.org\/{rel}","templated":true}]}}